{"id":4674,"date":"2022-05-26T19:30:49","date_gmt":"2022-05-26T17:30:49","guid":{"rendered":"https:\/\/festivalacko.sk\/archiv\/2023\/?page_id=4674"},"modified":"2022-09-20T08:56:51","modified_gmt":"2022-09-20T06:56:51","slug":"nas-tim","status":"publish","type":"page","link":"https:\/\/festivalacko.sk\/archiv\/2023\/nas-tim\/","title":{"rendered":"N\u00e1\u0161 t\u00edm"},"content":{"rendered":"\t\t<div data-elementor-type=\"wp-page\" data-elementor-id=\"4674\" class=\"elementor elementor-4674\" data-elementor-settings=\"[]\">\n\t\t\t\t\t\t<div class=\"elementor-inner\">\n\t\t\t\t\t\t\t<div class=\"elementor-section-wrap\">\n\t\t\t\t\t\t\t<section class=\"has_ma_el_bg_slider elementor-section elementor-top-section elementor-element elementor-element-56c02209 elementor-section-stretched elementor-section-boxed elementor-section-height-default elementor-section-height-default\" data-id=\"56c02209\" data-element_type=\"section\" data-settings=\"{&quot;stretch_section&quot;:&quot;section-stretched&quot;,&quot;_ha_eqh_enable&quot;:false}\">\n\t\t\t\t\t\t<div class=\"elementor-container elementor-column-gap-custom\">\n\t\t\t\t\t\t\t<div class=\"elementor-row\">\n\t\t\t\t\t<div class=\"has_ma_el_bg_slider elementor-column elementor-col-100 elementor-top-column elementor-element elementor-element-3445ef8\" data-id=\"3445ef8\" data-element_type=\"column\">\n\t\t\t<div class=\"elementor-column-wrap elementor-element-populated\">\n\t\t\t\t\t\t\t<div class=\"elementor-widget-wrap\">\n\t\t\t\t\t\t<div class=\"elementor-element elementor-element-7e955091 elementor-widget elementor-widget-heading\" data-id=\"7e955091\" data-element_type=\"widget\" data-widget_type=\"heading.default\">\n\t\t\t\t<div class=\"elementor-widget-container\">\n\t\t\t<h2 class=\"elementor-heading-title elementor-size-default\">N\u00e1\u0161 t\u00edm<\/h2>\t\t<\/div>\n\t\t\t\t<\/div>\n\t\t\t\t<div class=\"elementor-element elementor-element-7e7d8b77 elementor-widget__width-initial elementor-widget-mobile__width-inherit elementor-position-top elementor-vertical-align-top elementor-widget elementor-widget-image-box\" data-id=\"7e7d8b77\" data-element_type=\"widget\" data-widget_type=\"image-box.default\">\n\t\t\t\t<div class=\"elementor-widget-container\">\n\t\t\t<div class=\"elementor-image-box-wrapper\"><figure class=\"elementor-image-box-img\"><a href=\"#\"><img decoding=\"async\" width=\"2231\" height=\"2231\" src=\"https:\/\/festivalacko.sk\/archiv\/2023\/wp-content\/uploads\/2022\/06\/Diana-Hanzelova\u0301.jpg\" class=\"attachment-full size-full\" alt=\"\" loading=\"lazy\" \/><\/a><\/figure><div class=\"elementor-image-box-content\"><h3 class=\"elementor-image-box-title\"><a href=\"#\">Diana Hanzelov\u00e1<\/a><\/h3><p class=\"elementor-image-box-description\">V\u00fdkonn\u00e1 riadite\u013eka<\/p><\/div><\/div>\t\t<\/div>\n\t\t\t\t<\/div>\n\t\t\t\t<div class=\"elementor-element elementor-element-2a045cb4 elementor-widget__width-initial elementor-widget-mobile__width-inherit elementor-position-top elementor-vertical-align-top elementor-widget elementor-widget-image-box\" data-id=\"2a045cb4\" data-element_type=\"widget\" data-widget_type=\"image-box.default\">\n\t\t\t\t<div class=\"elementor-widget-container\">\n\t\t\t<div class=\"elementor-image-box-wrapper\"><figure class=\"elementor-image-box-img\"><a href=\"#\"><img decoding=\"async\" width=\"2196\" height=\"2196\" src=\"https:\/\/festivalacko.sk\/archiv\/2023\/wp-content\/uploads\/2022\/06\/Jakub-Matlovic\u030c.jpg\" class=\"attachment-full size-full\" alt=\"\" loading=\"lazy\" \/><\/a><\/figure><div class=\"elementor-image-box-content\"><h3 class=\"elementor-image-box-title\"><a href=\"#\">Jakub Matlovi\u010d<\/a><\/h3><p class=\"elementor-image-box-description\">Finan\u010dn\u00fd riadite\u013e<\/p><\/div><\/div>\t\t<\/div>\n\t\t\t\t<\/div>\n\t\t\t\t<div class=\"elementor-element elementor-element-3368c406 elementor-widget__width-initial elementor-widget-mobile__width-inherit elementor-position-top elementor-vertical-align-top elementor-widget elementor-widget-image-box\" data-id=\"3368c406\" data-element_type=\"widget\" data-widget_type=\"image-box.default\">\n\t\t\t\t<div class=\"elementor-widget-container\">\n\t\t\t<div class=\"elementor-image-box-wrapper\"><figure class=\"elementor-image-box-img\"><a href=\"#\"><img decoding=\"async\" width=\"2291\" height=\"2291\" src=\"https:\/\/festivalacko.sk\/archiv\/2023\/wp-content\/uploads\/2022\/06\/Rafaela-Radojc\u030cic.jpg\" class=\"attachment-full size-full\" alt=\"\" loading=\"lazy\" \/><\/a><\/figure><div class=\"elementor-image-box-content\"><h3 class=\"elementor-image-box-title\"><a href=\"#\">Rafaela Radoj\u010di\u0107ov\u00e1<\/a><\/h3><p class=\"elementor-image-box-description\">Finan\u010dn\u00e1 riadite\u013eka<\/p><\/div><\/div>\t\t<\/div>\n\t\t\t\t<\/div>\n\t\t\t\t<div class=\"elementor-element elementor-element-74c495a6 elementor-widget__width-initial elementor-widget-mobile__width-inherit elementor-position-top elementor-vertical-align-top elementor-widget elementor-widget-image-box\" data-id=\"74c495a6\" data-element_type=\"widget\" data-widget_type=\"image-box.default\">\n\t\t\t\t<div class=\"elementor-widget-container\">\n\t\t\t<div class=\"elementor-image-box-wrapper\"><figure class=\"elementor-image-box-img\"><a href=\"#\"><img decoding=\"async\" width=\"2175\" height=\"2175\" src=\"https:\/\/festivalacko.sk\/archiv\/2023\/wp-content\/uploads\/2022\/06\/Ivana-Horva\u0301thova\u0301.jpg\" class=\"attachment-full size-full\" alt=\"\" loading=\"lazy\" \/><\/a><\/figure><div class=\"elementor-image-box-content\"><h3 class=\"elementor-image-box-title\"><a href=\"#\">Ivana Horv\u00e1thov\u00e1<\/a><\/h3><p class=\"elementor-image-box-description\">Programov\u00e1 mana\u017e\u00e9rka<\/p><\/div><\/div>\t\t<\/div>\n\t\t\t\t<\/div>\n\t\t\t\t<div class=\"elementor-element elementor-element-2e94cec7 elementor-widget__width-initial elementor-widget-mobile__width-inherit elementor-position-top elementor-vertical-align-top elementor-widget elementor-widget-image-box\" data-id=\"2e94cec7\" data-element_type=\"widget\" data-widget_type=\"image-box.default\">\n\t\t\t\t<div class=\"elementor-widget-container\">\n\t\t\t<div class=\"elementor-image-box-wrapper\"><figure class=\"elementor-image-box-img\"><a href=\"#\"><img decoding=\"async\" width=\"2015\" height=\"2015\" src=\"https:\/\/festivalacko.sk\/archiv\/2023\/wp-content\/uploads\/2022\/06\/Alena-Kapinajova\u0301.jpg\" class=\"attachment-full size-full\" alt=\"\" loading=\"lazy\" \/><\/a><\/figure><div class=\"elementor-image-box-content\"><h3 class=\"elementor-image-box-title\"><a href=\"#\">Alena Kapinajov\u00e1<\/a><\/h3><p class=\"elementor-image-box-description\">Programov\u00e1 mana\u017e\u00e9rka<\/p><\/div><\/div>\t\t<\/div>\n\t\t\t\t<\/div>\n\t\t\t\t<div class=\"elementor-element elementor-element-71091ce6 elementor-widget__width-initial elementor-widget-mobile__width-inherit elementor-position-top elementor-vertical-align-top elementor-widget elementor-widget-image-box\" data-id=\"71091ce6\" data-element_type=\"widget\" data-widget_type=\"image-box.default\">\n\t\t\t\t<div class=\"elementor-widget-container\">\n\t\t\t<div class=\"elementor-image-box-wrapper\"><figure class=\"elementor-image-box-img\"><a href=\"#\"><img decoding=\"async\" width=\"1787\" height=\"1787\" src=\"https:\/\/festivalacko.sk\/archiv\/2023\/wp-content\/uploads\/2022\/06\/Marianna-Vadovic\u030cova\u0301.jpg\" class=\"attachment-full size-full\" alt=\"\" loading=\"lazy\" \/><\/a><\/figure><div class=\"elementor-image-box-content\"><h3 class=\"elementor-image-box-title\"><a href=\"#\">Marianna Vadovi\u010dov\u00e1<\/a><\/h3><p class=\"elementor-image-box-description\">Technick\u00e1 mana\u017e\u00e9rka<\/p><\/div><\/div>\t\t<\/div>\n\t\t\t\t<\/div>\n\t\t\t\t<div class=\"elementor-element elementor-element-6959748b elementor-widget__width-initial elementor-widget-mobile__width-inherit elementor-position-top elementor-vertical-align-top elementor-widget elementor-widget-image-box\" data-id=\"6959748b\" data-element_type=\"widget\" data-widget_type=\"image-box.default\">\n\t\t\t\t<div class=\"elementor-widget-container\">\n\t\t\t<div class=\"elementor-image-box-wrapper\"><figure class=\"elementor-image-box-img\"><a href=\"#\"><img decoding=\"async\" width=\"1940\" height=\"1940\" src=\"https:\/\/festivalacko.sk\/archiv\/2023\/wp-content\/uploads\/2022\/06\/Simona-Michali\u0301kova\u0301.jpg\" class=\"attachment-full size-full\" alt=\"\" loading=\"lazy\" \/><\/a><\/figure><div class=\"elementor-image-box-content\"><h3 class=\"elementor-image-box-title\"><a href=\"#\">Simona Michal\u00edkov\u00e1<\/a><\/h3><p class=\"elementor-image-box-description\">Marketing a PR<\/p><\/div><\/div>\t\t<\/div>\n\t\t\t\t<\/div>\n\t\t\t\t\t\t<\/div>\n\t\t\t\t\t<\/div>\n\t\t<\/div>\n\t\t\t\t\t\t\t\t<\/div>\n\t\t\t\t\t<\/div>\n\t\t<\/section>\n\t\t\t\t\t\t<\/div>\n\t\t\t\t\t\t<\/div>\n\t\t\t\t\t<\/div>\n\t\t","protected":false},"excerpt":{"rendered":"<p>N\u00e1\u0161 t\u00edm Diana Hanzelov\u00e1 V\u00fdkonn\u00e1 riadite\u013eka Jakub Matlovi\u010d Finan\u010dn\u00fd riadite\u013e Rafaela Radoj\u010di\u0107ov\u00e1 Finan\u010dn\u00e1 riadite\u013eka Ivana Horv\u00e1thov\u00e1 Programov\u00e1 mana\u017e\u00e9rka Alena Kapinajov\u00e1 Programov\u00e1 mana\u017e\u00e9rka Marianna Vadovi\u010dov\u00e1 Technick\u00e1 mana\u017e\u00e9rka Simona Michal\u00edkov\u00e1 Marketing a PR<\/p>\n","protected":false},"author":1,"featured_media":0,"parent":0,"menu_order":0,"comment_status":"closed","ping_status":"closed","template":"","meta":{"_uag_custom_page_level_css":"","_monsterinsights_skip_tracking":false,"_monsterinsights_sitenote_active":false,"_monsterinsights_sitenote_note":"","_monsterinsights_sitenote_category":0},"uagb_featured_image_src":{"full":false,"thumbnail":false,"medium":false,"medium_large":false,"large":false,"master_addons_team_thumb":false,"1536x1536":false,"2048x2048":false,"post-thumbnail":false},"uagb_author_info":{"display_name":"festivalacko","author_link":"https:\/\/festivalacko.sk\/archiv\/2023\/author\/festivalacko\/"},"uagb_comment_info":0,"uagb_excerpt":"N\u00e1\u0161 t\u00edm Diana Hanzelov\u00e1 V\u00fdkonn\u00e1 riadite\u013eka Jakub Matlovi\u010d Finan\u010dn\u00fd riadite\u013e Rafaela Radoj\u010di\u0107ov\u00e1 Finan\u010dn\u00e1 riadite\u013eka Ivana Horv\u00e1thov\u00e1 Programov\u00e1 mana\u017e\u00e9rka Alena Kapinajov\u00e1 Programov\u00e1 mana\u017e\u00e9rka Marianna Vadovi\u010dov\u00e1 Technick\u00e1 mana\u017e\u00e9rka Simona Michal\u00edkov\u00e1 Marketing a PR","_links":{"self":[{"href":"https:\/\/festivalacko.sk\/archiv\/2023\/wp-json\/wp\/v2\/pages\/4674"}],"collection":[{"href":"https:\/\/festivalacko.sk\/archiv\/2023\/wp-json\/wp\/v2\/pages"}],"about":[{"href":"https:\/\/festivalacko.sk\/archiv\/2023\/wp-json\/wp\/v2\/types\/page"}],"author":[{"embeddable":true,"href":"https:\/\/festivalacko.sk\/archiv\/2023\/wp-json\/wp\/v2\/users\/1"}],"replies":[{"embeddable":true,"href":"https:\/\/festivalacko.sk\/archiv\/2023\/wp-json\/wp\/v2\/comments?post=4674"}],"version-history":[{"count":6,"href":"https:\/\/festivalacko.sk\/archiv\/2023\/wp-json\/wp\/v2\/pages\/4674\/revisions"}],"predecessor-version":[{"id":4939,"href":"https:\/\/festivalacko.sk\/archiv\/2023\/wp-json\/wp\/v2\/pages\/4674\/revisions\/4939"}],"wp:attachment":[{"href":"https:\/\/festivalacko.sk\/archiv\/2023\/wp-json\/wp\/v2\/media?parent=4674"}],"curies":[{"name":"wp","href":"https:\/\/api.w.org\/{rel}","templated":true}]}}