{"id":7155,"date":"2023-10-31T16:16:04","date_gmt":"2023-10-31T15:16:04","guid":{"rendered":"https:\/\/festivalacko.sk\/archiv\/2023\/?page_id=7155"},"modified":"2023-10-31T16:38:30","modified_gmt":"2023-10-31T15:38:30","slug":"vitazna-cena-2023","status":"publish","type":"page","link":"https:\/\/festivalacko.sk\/archiv\/2023\/vitazna-cena-2023\/","title":{"rendered":"V\u00ed\u0165azn\u00e1 cena 2023"},"content":{"rendered":"\t\t<div data-elementor-type=\"wp-page\" data-elementor-id=\"7155\" class=\"elementor elementor-7155\" data-elementor-settings=\"[]\">\n\t\t\t\t\t\t<div class=\"elementor-inner\">\n\t\t\t\t\t\t\t<div class=\"elementor-section-wrap\">\n\t\t\t\t\t\t\t<section class=\"has_ma_el_bg_slider elementor-section elementor-top-section elementor-element elementor-element-56c02209 elementor-section-full_width elementor-section-height-min-height elementor-section-content-middle elementor-section-height-default elementor-section-items-middle\" data-id=\"56c02209\" data-element_type=\"section\" data-settings=\"{&quot;background_background&quot;:&quot;classic&quot;,&quot;background_motion_fx_motion_fx_scrolling&quot;:&quot;yes&quot;,&quot;background_motion_fx_translateY_effect&quot;:&quot;yes&quot;,&quot;background_motion_fx_translateY_direction&quot;:&quot;negative&quot;,&quot;background_motion_fx_translateY_speed&quot;:{&quot;unit&quot;:&quot;px&quot;,&quot;size&quot;:3.899999999999999911182158029987476766109466552734375,&quot;sizes&quot;:[]},&quot;background_motion_fx_devices&quot;:[&quot;tablet&quot;,&quot;mobile&quot;],&quot;background_motion_fx_translateY_affectedRange&quot;:{&quot;unit&quot;:&quot;%&quot;,&quot;size&quot;:&quot;&quot;,&quot;sizes&quot;:{&quot;start&quot;:0,&quot;end&quot;:100}},&quot;_ha_eqh_enable&quot;:false}\">\n\t\t\t\t\t\t<div class=\"elementor-container elementor-column-gap-no\">\n\t\t\t\t\t\t\t<div class=\"elementor-row\">\n\t\t\t\t\t<div class=\"has_ma_el_bg_slider elementor-column elementor-col-100 elementor-top-column elementor-element elementor-element-3445ef8\" data-id=\"3445ef8\" data-element_type=\"column\">\n\t\t\t<div class=\"elementor-column-wrap elementor-element-populated\">\n\t\t\t\t\t\t\t<div class=\"elementor-widget-wrap\">\n\t\t\t\t\t\t<div class=\"elementor-element elementor-element-db55426 elementor-widget elementor-widget-heading\" data-id=\"db55426\" data-element_type=\"widget\" data-widget_type=\"heading.default\">\n\t\t\t\t<div class=\"elementor-widget-container\">\n\t\t\t<h4 class=\"elementor-heading-title elementor-size-default\"><h3><span class=\"zvetseny-text\"><strong>VIDEOKLIP V\u00cd\u0164AZNEJ SO\u0160KY 27. RO\u010cN\u00cdKA <\/strong><\/span><\/h3>\n<\/h4>\t\t<\/div>\n\t\t\t\t<\/div>\n\t\t\t\t<div class=\"elementor-element elementor-element-957dc53 elementor-widget elementor-widget-text-editor\" data-id=\"957dc53\" data-element_type=\"widget\" data-widget_type=\"text-editor.default\">\n\t\t\t\t<div class=\"elementor-widget-container\">\n\t\t\t\t\t\t\t\t<div class=\"elementor-text-editor elementor-clearfix\">\n\t\t\t\t<i><span style=\"font-weight: 400;\">Filmov\u00e9ho festivalu \u00c1\u010dko 2023<\/span><\/i>\t\t\t\t\t<\/div>\n\t\t\t\t\t\t<\/div>\n\t\t\t\t<\/div>\n\t\t\t\t<div class=\"elementor-element elementor-element-8fa2b1c elementor-widget elementor-widget-text-editor\" data-id=\"8fa2b1c\" data-element_type=\"widget\" data-widget_type=\"text-editor.default\">\n\t\t\t\t<div class=\"elementor-widget-container\">\n\t\t\t\t\t\t\t\t<div class=\"elementor-text-editor elementor-clearfix\">\n\t\t\t\t<div class=\"x11i5rnm xat24cr x1mh8g0r x1vvkbs xtlvy1s x126k92a\"><div dir=\"auto\">Mil\u00ed filmov\u00ed nad\u0161enci a tvorcovia,<\/div><\/div><div class=\"x11i5rnm xat24cr x1mh8g0r x1vvkbs xtlvy1s x126k92a\"><div dir=\"auto\">Predstavujeme videoklip v\u00ed\u0165aznej so\u0161ky pre 27. ro\u010dn\u00edk \u0160tudentsk\u00e9ho filmov\u00e9ho festivalu \u00c1\u010dko 2023! Tento k\u00fasok umenia odzrkad\u013euje na\u0161e uznanie a ocenenie pre n\u00e1\u0161ich talentovan\u00fdch tvorcov a ich v\u00fdnimo\u010dn\u00e9 diela.<\/div><\/div><div class=\"x11i5rnm xat24cr x1mh8g0r x1vvkbs xtlvy1s x126k92a\"><div dir=\"auto\">Autorom so\u0161ky je Jakub Sojka, \u0161tudent <span class=\"xt0psk2\">V<\/span><span class=\"xt0psk2\">\u0160VU \/ AFAD.<\/span> T\u00e1to so\u0161ka je symbolom tvorivosti, inov\u00e1cie a nesmiernych filmov\u00fdch snov, ktor\u00e9 n\u00e1m na\u0161i tvorcovia prin\u00e1\u0161aj\u00fa. Na projekte pracoval pod veden\u00edm doktorandky Mgr. art. Krist\u00edny Liga\u010dovej.<\/div><\/div><div class=\"x11i5rnm xat24cr x1mh8g0r x1vvkbs xtlvy1s x126k92a\"><div dir=\"auto\">Chceme v\u00e1m pribl\u00ed\u017ei\u0165 t\u00fato n\u00e1dhern\u00fa so\u0161ku, jej v\u00fdrobu a detaily, ktor\u00e9 ju robia takou v\u00fdnimo\u010dnou. Je to na\u0161a mal\u00e1 odmena pre tvorcov, ktor\u00ed n\u00e1s in\u0161piruj\u00fa svojimi pr\u00edbehmi a v\u00e1\u0161\u0148ou pre filmov\u00e9 umenie.<\/div><\/div><div class=\"x11i5rnm xat24cr x1mh8g0r x1vvkbs xtlvy1s x126k92a\"><div dir=\"auto\">Te\u0161\u00edme sa na odovzdanie tejto v\u00fdnimo\u010dnej so\u0161ky v\u00ed\u0165azovi na na\u0161om festivale a na to, aby sme pokra\u010dovali v oslavovan\u00ed v\u00e1\u0161ne a tvorivosti na\u0161ich \u0161tudentsk\u00fdch tvorcov!<\/div><\/div>\t\t\t\t\t<\/div>\n\t\t\t\t\t\t<\/div>\n\t\t\t\t<\/div>\n\t\t\t\t<section class=\"has_ma_el_bg_slider elementor-section elementor-inner-section elementor-element elementor-element-b17718c elementor-section-boxed elementor-section-height-default elementor-section-height-default\" data-id=\"b17718c\" data-element_type=\"section\" data-settings=\"{&quot;_ha_eqh_enable&quot;:false}\">\n\t\t\t\t\t\t<div class=\"elementor-container elementor-column-gap-default\">\n\t\t\t\t\t\t\t<div class=\"elementor-row\">\n\t\t\t\t\t<div class=\"has_ma_el_bg_slider elementor-column elementor-col-100 elementor-inner-column elementor-element elementor-element-29c68fc\" data-id=\"29c68fc\" data-element_type=\"column\">\n\t\t\t<div class=\"elementor-column-wrap elementor-element-populated\">\n\t\t\t\t\t\t\t<div class=\"elementor-widget-wrap\">\n\t\t\t\t\t\t<div class=\"elementor-element elementor-element-410f6cb elementor-aspect-ratio-169 elementor-widget elementor-widget-video\" data-id=\"410f6cb\" data-element_type=\"widget\" data-settings=\"{&quot;video_type&quot;:&quot;hosted&quot;,&quot;controls&quot;:&quot;yes&quot;,&quot;aspect_ratio&quot;:&quot;169&quot;}\" data-widget_type=\"video.default\">\n\t\t\t\t<div class=\"elementor-widget-container\">\n\t\t\t\t\t<div class=\"e-hosted-video elementor-wrapper elementor-fit-aspect-ratio elementor-open-inline\">\n\t\t\t\t\t<video class=\"elementor-video\" src=\"https:\/\/festivalacko.sk\/archiv\/2023\/wp-content\/uploads\/2023\/10\/8f66a89b-f705-43be-8a1c-83496de258de.mp4\" controls=\"\" controlsList=\"nodownload\" poster=\"https:\/\/festivalacko.sk\/archiv\/2023\/wp-content\/uploads\/2023\/10\/DSC_9591.jpg\"><\/video>\n\t\t\t\t<\/div>\n\t\t\t\t<\/div>\n\t\t\t\t<\/div>\n\t\t\t\t\t\t<\/div>\n\t\t\t\t\t<\/div>\n\t\t<\/div>\n\t\t\t\t\t\t\t\t<\/div>\n\t\t\t\t\t<\/div>\n\t\t<\/section>\n\t\t\t\t\t\t<\/div>\n\t\t\t\t\t<\/div>\n\t\t<\/div>\n\t\t\t\t\t\t\t\t<\/div>\n\t\t\t\t\t<\/div>\n\t\t<\/section>\n\t\t\t\t\t\t<\/div>\n\t\t\t\t\t\t<\/div>\n\t\t\t\t\t<\/div>\n\t\t","protected":false},"excerpt":{"rendered":"<p>VIDEOKLIP V\u00cd\u0164AZNEJ SO\u0160KY 27. RO\u010cN\u00cdKA Filmov\u00e9ho festivalu \u00c1\u010dko 2023Mil\u00ed filmov\u00ed nad\u0161enci a tvorcovia,Predstavujeme videoklip v\u00ed\u0165aznej so\u0161ky pre 27. ro\u010dn\u00edk \u0160tudentsk\u00e9ho filmov\u00e9ho festivalu \u00c1\u010dko 2023! Tento k\u00fasok umenia odzrkad\u013euje na\u0161e uznanie a ocenenie pre n\u00e1\u0161ich talentovan\u00fdch tvorcov a ich v\u00fdnimo\u010dn\u00e9 diela.Autorom so\u0161ky je Jakub Sojka, \u0161tudent V\u0160VU \/ AFAD. T\u00e1to so\u0161ka je symbolom tvorivosti, inov\u00e1cie a &hellip; <\/p>\n<p class=\"link-more\"><a href=\"https:\/\/festivalacko.sk\/archiv\/2023\/vitazna-cena-2023\/\" class=\"more-link\">Pokra\u010dova\u0165 v \u010d\u00edtan\u00ed<span class=\"screen-reader-text\"> &#8220;V\u00ed\u0165azn\u00e1 cena 2023&#8221;<\/span><\/a><\/p>\n","protected":false},"author":1,"featured_media":0,"parent":0,"menu_order":0,"comment_status":"closed","ping_status":"closed","template":"elementor_header_footer","meta":{"_uag_custom_page_level_css":"","_monsterinsights_skip_tracking":false,"_monsterinsights_sitenote_active":false,"_monsterinsights_sitenote_note":"","_monsterinsights_sitenote_category":0},"uagb_featured_image_src":{"full":false,"thumbnail":false,"medium":false,"medium_large":false,"large":false,"master_addons_team_thumb":false,"1536x1536":false,"2048x2048":false,"post-thumbnail":false},"uagb_author_info":{"display_name":"festivalacko","author_link":"https:\/\/festivalacko.sk\/archiv\/2023\/author\/festivalacko\/"},"uagb_comment_info":0,"uagb_excerpt":"VIDEOKLIP V\u00cd\u0164AZNEJ SO\u0160KY 27. RO\u010cN\u00cdKA Filmov\u00e9ho festivalu \u00c1\u010dko 2023Mil\u00ed filmov\u00ed nad\u0161enci a tvorcovia,Predstavujeme videoklip v\u00ed\u0165aznej so\u0161ky pre 27. ro\u010dn\u00edk \u0160tudentsk\u00e9ho filmov\u00e9ho festivalu \u00c1\u010dko 2023! Tento k\u00fasok umenia odzrkad\u013euje na\u0161e uznanie a ocenenie pre n\u00e1\u0161ich talentovan\u00fdch tvorcov a ich v\u00fdnimo\u010dn\u00e9 diela.Autorom so\u0161ky je Jakub Sojka, \u0161tudent V\u0160VU \/ AFAD. T\u00e1to so\u0161ka je symbolom tvorivosti, inov\u00e1cie a&hellip;","_links":{"self":[{"href":"https:\/\/festivalacko.sk\/archiv\/2023\/wp-json\/wp\/v2\/pages\/7155"}],"collection":[{"href":"https:\/\/festivalacko.sk\/archiv\/2023\/wp-json\/wp\/v2\/pages"}],"about":[{"href":"https:\/\/festivalacko.sk\/archiv\/2023\/wp-json\/wp\/v2\/types\/page"}],"author":[{"embeddable":true,"href":"https:\/\/festivalacko.sk\/archiv\/2023\/wp-json\/wp\/v2\/users\/1"}],"replies":[{"embeddable":true,"href":"https:\/\/festivalacko.sk\/archiv\/2023\/wp-json\/wp\/v2\/comments?post=7155"}],"version-history":[{"count":6,"href":"https:\/\/festivalacko.sk\/archiv\/2023\/wp-json\/wp\/v2\/pages\/7155\/revisions"}],"predecessor-version":[{"id":7170,"href":"https:\/\/festivalacko.sk\/archiv\/2023\/wp-json\/wp\/v2\/pages\/7155\/revisions\/7170"}],"wp:attachment":[{"href":"https:\/\/festivalacko.sk\/archiv\/2023\/wp-json\/wp\/v2\/media?parent=7155"}],"curies":[{"name":"wp","href":"https:\/\/api.w.org\/{rel}","templated":true}]}}

Víťazná cena 2023

<div data-elementor-type="wp-page" data-elementor-id="7155" class="elementor elementor-7155" data-elementor-settings="[]">
						<div class="elementor-inner">
							<div class="elementor-section-wrap">
							<section class="has_ma_el_bg_slider elementor-section elementor-top-section elementor-element elementor-element-56c02209 elementor-section-full_width elementor-section-height-min-height elementor-section-content-middle elementor-section-height-default elementor-section-items-middle" data-id="56c02209" data-element_type="section" data-settings="{&quot;background_background&quot;:&quot;classic&quot;,&quot;background_motion_fx_motion_fx_scrolling&quot;:&quot;yes&quot;,&quot;background_motion_fx_translateY_effect&quot;:&quot;yes&quot;,&quot;background_motion_fx_translateY_direction&quot;:&quot;negative&quot;,&quot;background_motion_fx_translateY_speed&quot;:{&quot;unit&quot;:&quot;px&quot;,&quot;size&quot;:3.899999999999999911182158029987476766109466552734375,&quot;sizes&quot;:[]},&quot;background_motion_fx_devices&quot;:[&quot;tablet&quot;,&quot;mobile&quot;],&quot;background_motion_fx_translateY_affectedRange&quot;:{&quot;unit&quot;:&quot;%&quot;,&quot;size&quot;:&quot;&quot;,&quot;sizes&quot;:{&quot;start&quot;:0,&quot;end&quot;:100}},&quot;_ha_eqh_enable&quot;:false}">
						<div class="elementor-container elementor-column-gap-no">
							<div class="elementor-row">
					<div class="has_ma_el_bg_slider elementor-column elementor-col-100 elementor-top-column elementor-element elementor-element-3445ef8" data-id="3445ef8" data-element_type="column">
			<div class="elementor-column-wrap elementor-element-populated">
							<div class="elementor-widget-wrap">
						<div class="elementor-element elementor-element-db55426 elementor-widget elementor-widget-heading" data-id="db55426" data-element_type="widget" data-widget_type="heading.default">
				<div class="elementor-widget-container">
			<h4 class="elementor-heading-title elementor-size-default"><h3><span class="zvetseny-text"><strong>VIDEOKLIP VÍŤAZNEJ SOŠKY 27. ROČNÍKA </strong></span></h3>
</h4>		</div>
				</div>
				<div class="elementor-element elementor-element-957dc53 elementor-widget elementor-widget-text-editor" data-id="957dc53" data-element_type="widget" data-widget_type="text-editor.default">
				<div class="elementor-widget-container">
								<div class="elementor-text-editor elementor-clearfix">
				<i><span style="font-weight: 400;">Filmového festivalu Áčko 2023</span></i>					</div>
						</div>
				</div>
				<div class="elementor-element elementor-element-8fa2b1c elementor-widget elementor-widget-text-editor" data-id="8fa2b1c" data-element_type="widget" data-widget_type="text-editor.default">
				<div class="elementor-widget-container">
								<div class="elementor-text-editor elementor-clearfix">
				<div class="x11i5rnm xat24cr x1mh8g0r x1vvkbs xtlvy1s x126k92a"><div dir="auto">Milí filmoví nadšenci a tvorcovia,</div></div><div class="x11i5rnm xat24cr x1mh8g0r x1vvkbs xtlvy1s x126k92a"><div dir="auto">Predstavujeme videoklip víťaznej sošky pre 27. ročník Študentského filmového festivalu Áčko 2023! Tento kúsok umenia odzrkadľuje naše uznanie a ocenenie pre nášich talentovaných tvorcov a ich výnimočné diela.</div></div><div class="x11i5rnm xat24cr x1mh8g0r x1vvkbs xtlvy1s x126k92a"><div dir="auto">Autorom sošky je Jakub Sojka, študent <span class="xt0psk2">V</span><span class="xt0psk2">ŠVU / AFAD.</span> Táto soška je symbolom tvorivosti, inovácie a nesmiernych filmových snov, ktoré nám naši tvorcovia prinášajú. Na projekte pracoval pod vedením doktorandky Mgr. art. Kristíny Ligačovej.</div></div><div class="x11i5rnm xat24cr x1mh8g0r x1vvkbs xtlvy1s x126k92a"><div dir="auto">Chceme vám priblížiť túto nádhernú sošku, jej výrobu a detaily, ktoré ju robia takou výnimočnou. Je to naša malá odmena pre tvorcov, ktorí nás inšpirujú svojimi príbehmi a vášňou pre filmové umenie.</div></div><div class="x11i5rnm xat24cr x1mh8g0r x1vvkbs xtlvy1s x126k92a"><div dir="auto">Tešíme sa na odovzdanie tejto výnimočnej sošky víťazovi na našom festivale a na to, aby sme pokračovali v oslavovaní vášne a tvorivosti našich študentských tvorcov!</div></div>					</div>
						</div>
				</div>
				<section class="has_ma_el_bg_slider elementor-section elementor-inner-section elementor-element elementor-element-b17718c elementor-section-boxed elementor-section-height-default elementor-section-height-default" data-id="b17718c" data-element_type="section" data-settings="{&quot;_ha_eqh_enable&quot;:false}">
						<div class="elementor-container elementor-column-gap-default">
							<div class="elementor-row">
					<div class="has_ma_el_bg_slider elementor-column elementor-col-100 elementor-inner-column elementor-element elementor-element-29c68fc" data-id="29c68fc" data-element_type="column">
			<div class="elementor-column-wrap elementor-element-populated">
							<div class="elementor-widget-wrap">
						<div class="elementor-element elementor-element-410f6cb elementor-aspect-ratio-169 elementor-widget elementor-widget-video" data-id="410f6cb" data-element_type="widget" data-settings="{&quot;video_type&quot;:&quot;hosted&quot;,&quot;controls&quot;:&quot;yes&quot;,&quot;aspect_ratio&quot;:&quot;169&quot;}" data-widget_type="video.default">
				<div class="elementor-widget-container">
					<div class="e-hosted-video elementor-wrapper elementor-fit-aspect-ratio elementor-open-inline">
					<video class="elementor-video" src="https://festivalacko.sk/archiv/2023/wp-content/uploads/2023/10/8f66a89b-f705-43be-8a1c-83496de258de.mp4" controls="" controlsList="nodownload" poster="https://festivalacko.sk/archiv/2023/wp-content/uploads/2023/10/DSC_9591.jpg"></video>
				</div>
				</div>
				</div>
						</div>
					</div>
		</div>
								</div>
					</div>
		</section>
						</div>
					</div>
		</div>
								</div>
					</div>
		</section>
						</div>
						</div>
					</div>

<p>VIDEOKLIP VÍŤAZNEJ SOŠKY 27. ROČNÍKA Filmového festivalu Áčko 2023Milí filmoví nadšenci a tvorcovia,Predstavujeme videoklip víťaznej sošky pre 27. ročník Študentského filmového festivalu Áčko 2023! Tento kúsok umenia odzrkadľuje naše uznanie a ocenenie pre nášich talentovaných tvorcov a ich výnimočné diela.Autorom sošky je Jakub Sojka, študent VŠVU / AFAD. Táto soška je symbolom tvorivosti, inovácie a &hellip; </p>
<p class="link-more"><a href="https://festivalacko.sk/archiv/2023/vitazna-cena-2023/" class="more-link">Pokračovať v čítaní<span class="screen-reader-text"> &#8220;Víťazná cena 2023&#8221;</span></a></p>

VIDEOKLIP VÍŤAZNEJ SOŠKY 27. ROČNÍKA Filmového festivalu Áčko 2023Milí filmoví nadšenci a tvorcovia,Predstavujeme videoklip víťaznej sošky pre 27. ročník Študentského filmového festivalu Áčko 2023! Tento kúsok umenia odzrkadľuje naše uznanie a ocenenie pre nášich talentovaných tvorcov a ich výnimočné diela.Autorom sošky je Jakub Sojka, študent VŠVU / AFAD. Táto soška je symbolom tvorivosti, inovácie a&hellip;
