{"id":475,"date":"2024-10-10T18:03:17","date_gmt":"2024-10-10T16:03:17","guid":{"rendered":"https:\/\/festivalacko.sk\/archiv\/2024\/?post_type=movie&#038;p=475"},"modified":"2024-10-23T12:06:40","modified_gmt":"2024-10-23T10:06:40","slug":"noci-a-dni","status":"publish","type":"movie","link":"https:\/\/festivalacko.sk\/archiv\/2024\/movie\/noci-a-dni\/","title":{"rendered":"Noci a dni"},"content":{"rendered":"\n<p>Noci a dni s\u00fa kr\u00e1tkou sondou do radost\u00ed a strast\u00ed diev\u010densk\u00e9ho dospievania, do \u017eivota dvoch<br>sestier, ktor\u00e9 int\u00edmnym dial\u00f3gom v hotelovej izbe odha\u013euj\u00fa tajomstv\u00e1 ich vz\u0165ahu, prvej<br>men\u0161tru\u00e1cie, prv\u00e9ho sexu, ale aj jednej osudnej vety, ktor\u00e1 nav\u017edy ostala vryt\u00e1 do pam\u00e4ti<br>mlad\u0161ej sestry.<\/p>\n\n\n\n<p>minut\u00e1\u017e: 7 min.<\/p>\n\n\n\n<p>v\u00fdkonn\u00fd producent: Jakub Matlovi\u010d<br>r\u00e9\u017eia: Daniela Sl\u00e1vikov\u00e1<br>scen\u00e1r: Daniela Sl\u00e1vikov\u00e1, Adri\u00e1n Bih\u00e1ry<br>hlavn\u00e1 kameramanka: Ema Diehelov\u00e1<br>umeleck\u00e1 striha\u010dka: Katar\u00edna Gramatov\u00e1<br>majster zvuku: Gilbert Nitsch<br>hudobn\u00e1 skladate\u013eka: Alex Klinovsk\u00e1<\/p>\n","protected":false},"featured_media":488,"template":"","meta":{"footnotes":""},"pasmo":[8],"class_list":["post-475","movie","type-movie","status-publish","has-post-thumbnail","hentry","pasmo-vermilion"],"acf":[],"_links":{"self":[{"href":"https:\/\/festivalacko.sk\/archiv\/2024\/wp-json\/wp\/v2\/movie\/475","targetHints":{"allow":["GET"]}}],"collection":[{"href":"https:\/\/festivalacko.sk\/archiv\/2024\/wp-json\/wp\/v2\/movie"}],"about":[{"href":"https:\/\/festivalacko.sk\/archiv\/2024\/wp-json\/wp\/v2\/types\/movie"}],"version-history":[{"count":1,"href":"https:\/\/festivalacko.sk\/archiv\/2024\/wp-json\/wp\/v2\/movie\/475\/revisions"}],"predecessor-version":[{"id":918,"href":"https:\/\/festivalacko.sk\/archiv\/2024\/wp-json\/wp\/v2\/movie\/475\/revisions\/918"}],"wp:featuredmedia":[{"embeddable":true,"href":"https:\/\/festivalacko.sk\/archiv\/2024\/wp-json\/wp\/v2\/media\/488"}],"wp:attachment":[{"href":"https:\/\/festivalacko.sk\/archiv\/2024\/wp-json\/wp\/v2\/media?parent=475"}],"wp:term":[{"taxonomy":"pasmo","embeddable":true,"href":"https:\/\/festivalacko.sk\/archiv\/2024\/wp-json\/wp\/v2\/pasmo?post=475"}],"curies":[{"name":"wp","href":"https:\/\/api.w.org\/{rel}","templated":true}]}}

<p>Noci a dni sú krátkou sondou do radostí a strastí dievčenského dospievania, do života dvoch<br>sestier, ktoré intímnym dialógom v hotelovej izbe odhaľujú tajomstvá ich vzťahu, prvej<br>menštruácie, prvého sexu, ale aj jednej osudnej vety, ktorá navždy ostala vrytá do pamäti<br>mladšej sestry.</p>



<p>minutáž: 7 min.</p>



<p>výkonný producent: Jakub Matlovič<br>réžia: Daniela Sláviková<br>scenár: Daniela Sláviková, Adrián Biháry<br>hlavná kameramanka: Ema Diehelová<br>umelecká strihačka: Katarína Gramatová<br>majster zvuku: Gilbert Nitsch<br>hudobná skladateľka: Alex Klinovská</p>
