{"id":500,"date":"2024-10-10T18:36:07","date_gmt":"2024-10-10T16:36:07","guid":{"rendered":"https:\/\/festivalacko.sk\/archiv\/2024\/?post_type=movie&#038;p=500"},"modified":"2024-10-23T12:06:01","modified_gmt":"2024-10-23T10:06:01","slug":"echo","status":"publish","type":"movie","link":"https:\/\/festivalacko.sk\/archiv\/2024\/movie\/echo\/","title":{"rendered":"ECHO"},"content":{"rendered":"\n<p>Trauma zo straty mamy a man\u017eelky. Pr\u00edbeh otca a syna, ktor\u00fd si h\u013eadaj\u00fa svoj sp\u00f4sob, ako sa s \u0148ou vyrovna\u0165. Trauma je spolo\u010dn\u00e1, ale ich cesta jej prekon\u00e1vania, je \u00faplne in\u00e1. O tom ako komunikova\u0165, ke\u010f sa spolu nevieme rozpr\u00e1va\u0165. O tom ako v tom by\u0165 spolu, aj ke\u010f sme odli\u0161n\u00ed.<\/p>\n\n\n\n<p>minut\u00e1\u017e: 23 min.<\/p>\n\n\n\n<p>v\u00fdkonn\u00e1 producentka: Hana Ad\u00e1mikov\u00e1<br>r\u00e9\u017eia: Hannah Dale<br>scen\u00e1r: Hannah Dale, Kl\u00e1ra Filasov\u00e1<br>hlavn\u00fd kameraman: Samuel Tel\u00fach<br>umeleck\u00fd striha\u010d: Peter Ko\u0161ka<br>majster zvuku: Filip Benkovits<br>vizu\u00e1lne efekty: Patrik Klu\u010d\u00e1r<br>hudobn\u00fd skladate\u013e: Filip Benkovits<\/p>\n","protected":false},"featured_media":482,"template":"","meta":{"footnotes":""},"pasmo":[8],"class_list":["post-500","movie","type-movie","status-publish","has-post-thumbnail","hentry","pasmo-vermilion"],"acf":[],"_links":{"self":[{"href":"https:\/\/festivalacko.sk\/archiv\/2024\/wp-json\/wp\/v2\/movie\/500","targetHints":{"allow":["GET"]}}],"collection":[{"href":"https:\/\/festivalacko.sk\/archiv\/2024\/wp-json\/wp\/v2\/movie"}],"about":[{"href":"https:\/\/festivalacko.sk\/archiv\/2024\/wp-json\/wp\/v2\/types\/movie"}],"version-history":[{"count":1,"href":"https:\/\/festivalacko.sk\/archiv\/2024\/wp-json\/wp\/v2\/movie\/500\/revisions"}],"predecessor-version":[{"id":916,"href":"https:\/\/festivalacko.sk\/archiv\/2024\/wp-json\/wp\/v2\/movie\/500\/revisions\/916"}],"wp:featuredmedia":[{"embeddable":true,"href":"https:\/\/festivalacko.sk\/archiv\/2024\/wp-json\/wp\/v2\/media\/482"}],"wp:attachment":[{"href":"https:\/\/festivalacko.sk\/archiv\/2024\/wp-json\/wp\/v2\/media?parent=500"}],"wp:term":[{"taxonomy":"pasmo","embeddable":true,"href":"https:\/\/festivalacko.sk\/archiv\/2024\/wp-json\/wp\/v2\/pasmo?post=500"}],"curies":[{"name":"wp","href":"https:\/\/api.w.org\/{rel}","templated":true}]}}

<p>Trauma zo straty mamy a manželky. Príbeh otca a syna, ktorý si hľadajú svoj spôsob, ako sa s ňou vyrovnať. Trauma je spoločná, ale ich cesta jej prekonávania, je úplne iná. O tom ako komunikovať, keď sa spolu nevieme rozprávať. O tom ako v tom byť spolu, aj keď sme odlišní.</p>



<p>minutáž: 23 min.</p>



<p>výkonná producentka: Hana Adámiková<br>réžia: Hannah Dale<br>scenár: Hannah Dale, Klára Filasová<br>hlavný kameraman: Samuel Telúch<br>umelecký strihač: Peter Koška<br>majster zvuku: Filip Benkovits<br>vizuálne efekty: Patrik Klučár<br>hudobný skladateľ: Filip Benkovits</p>
