{"id":502,"date":"2024-10-10T18:39:29","date_gmt":"2024-10-10T16:39:29","guid":{"rendered":"https:\/\/festivalacko.sk\/archiv\/2024\/?post_type=movie&#038;p=502"},"modified":"2024-10-23T12:05:15","modified_gmt":"2024-10-23T10:05:15","slug":"nechat-ist","status":"publish","type":"movie","link":"https:\/\/festivalacko.sk\/archiv\/2024\/movie\/nechat-ist\/","title":{"rendered":"Necha\u0165 \u00eds\u0165"},"content":{"rendered":"\n<p>Katar\u00edna sa vyrovn\u00e1va so smr\u0165ou svojho man\u017eela Jo\u017eka. V\u0161emo\u017ene sa jej sna\u017e\u00ed pom\u00f4c\u0165 jej vnu\u010dka Ema, av\u0161ak nepochopenie prameniace z genera\u010dn\u00fdch rozdielov tomu zabr\u00e1ni. Do Katar\u00edninho v\u0161edn\u00e9ho \u017eivota v\u0161ak vstupuje Emil, ktor\u00e9ho stretne na cintor\u00edne. Nadobudne Katar\u00edna nov\u00e9 priate\u013estvo, alebo zamie\u0161a Emil kartami, ktor\u00e9 mu \u017eivot pon\u00faka ?<\/p>\n\n\n\n<p>minut\u00e1\u017e: 13 min.<\/p>\n\n\n\n<p>v\u00fdkonna producentka: Em\u00edlia \u0160irotn\u00edkov\u00e1<br>r\u00e9\u017eia: M\u00e1ria Ki\u0161e\u013eov\u00e1<br>scen\u00e1r: M\u00e1ria Ki\u0161e\u013eov\u00e1, Tamara Kenderov\u00e1<br>hlavn\u00e1 kameramanka: Tereza Havadejov\u00e1<br>umeleck\u00e1 striha\u010dka: Sofia Mi\u010dkov\u00e1<br>majster zvuku: Luk\u00e1\u0161 Kraj\u010d\u00edk<br>hudobn\u00fd skladate\u013e: Luk\u00e1\u0161 Kraj\u010d\u00edk<\/p>\n","protected":false},"featured_media":503,"template":"","meta":{"footnotes":""},"pasmo":[8],"class_list":["post-502","movie","type-movie","status-publish","has-post-thumbnail","hentry","pasmo-vermilion"],"acf":[],"_links":{"self":[{"href":"https:\/\/festivalacko.sk\/archiv\/2024\/wp-json\/wp\/v2\/movie\/502","targetHints":{"allow":["GET"]}}],"collection":[{"href":"https:\/\/festivalacko.sk\/archiv\/2024\/wp-json\/wp\/v2\/movie"}],"about":[{"href":"https:\/\/festivalacko.sk\/archiv\/2024\/wp-json\/wp\/v2\/types\/movie"}],"version-history":[{"count":1,"href":"https:\/\/festivalacko.sk\/archiv\/2024\/wp-json\/wp\/v2\/movie\/502\/revisions"}],"predecessor-version":[{"id":914,"href":"https:\/\/festivalacko.sk\/archiv\/2024\/wp-json\/wp\/v2\/movie\/502\/revisions\/914"}],"wp:featuredmedia":[{"embeddable":true,"href":"https:\/\/festivalacko.sk\/archiv\/2024\/wp-json\/wp\/v2\/media\/503"}],"wp:attachment":[{"href":"https:\/\/festivalacko.sk\/archiv\/2024\/wp-json\/wp\/v2\/media?parent=502"}],"wp:term":[{"taxonomy":"pasmo","embeddable":true,"href":"https:\/\/festivalacko.sk\/archiv\/2024\/wp-json\/wp\/v2\/pasmo?post=502"}],"curies":[{"name":"wp","href":"https:\/\/api.w.org\/{rel}","templated":true}]}}

Nechať ísť

<p>Katarína sa vyrovnáva so smrťou svojho manžela Jožka. Všemožne sa jej snaží pomôcť jej vnučka Ema, avšak nepochopenie prameniace z generačných rozdielov tomu zabráni. Do Kataríninho všedného života však vstupuje Emil, ktorého stretne na cintoríne. Nadobudne Katarína nové priateľstvo, alebo zamieša Emil kartami, ktoré mu život ponúka ?</p>



<p>minutáž: 13 min.</p>



<p>výkonna producentka: Emília Širotníková<br>réžia: Mária Kišeľová<br>scenár: Mária Kišeľová, Tamara Kenderová<br>hlavná kameramanka: Tereza Havadejová<br>umelecká strihačka: Sofia Mičková<br>majster zvuku: Lukáš Krajčík<br>hudobný skladateľ: Lukáš Krajčík</p>
