{"id":504,"date":"2024-10-10T18:40:11","date_gmt":"2024-10-10T16:40:11","guid":{"rendered":"https:\/\/festivalacko.sk\/archiv\/2024\/?post_type=movie&#038;p=504"},"modified":"2024-10-23T12:04:47","modified_gmt":"2024-10-23T10:04:47","slug":"silo","status":"publish","type":"movie","link":"https:\/\/festivalacko.sk\/archiv\/2024\/movie\/silo\/","title":{"rendered":"SILO"},"content":{"rendered":"\n<p>Uprostred malej ro\u013en\u00edckej usadlosti, ktor\u00fa obkolesuj\u00fa len obiln\u00e9 polia sa na zemi prebud\u00ed Kl\u00e1ra. Proti svojej v\u00f4li sa st\u00e1va s\u00fa\u010das\u0165ou uzavretej komunity \u017eien, ktor\u00fa n\u00fatia donekone\u010dna pracova\u0165 pr\u00edzraky v podobe vr\u00e1n. Nap\u013a\u0148a\u0165 obil\u00edm obrovsk\u00e9 presklen\u00e9 SILO a na ni\u010d sa nep\u00fdta\u0165 je ich jedinou \u00falohou. Spolo\u010dne s priate\u013ekou Luciou ale za\u010dn\u00fa pomaly odha\u013eova\u0165 desiv\u00fa pravdu na pozad\u00ed komunity a seba sam\u00fdch. K\u00fdm nebude SILO pln\u00e9, od\u00eds\u0165 nie je dovolen\u00e9. Vrany s\u00fa v\u0161ak st\u00e1le hladn\u00e9 \u2026<\/p>\n\n\n\n<p>minut\u00e1\u017e: 10 min.<\/p>\n\n\n\n<p>v\u00fdkonn\u00e1 producentka: Nat\u00e1lia \u010ces\u00e1nkov\u00e1<br>r\u00e9\u017eia: Imrich K\u00fatik<br>scen\u00e1r: Imrich K\u00fatik, Ema Nem\u010dovi\u010dov\u00e1<br>majster zvuku: Vadim Ramacsay<br>hudobn\u00e1 skladate\u013eka: Laura \u201cSOUL\u201d Pol\u00e1\u010dkov\u00e1<\/p>\n","protected":false},"featured_media":485,"template":"","meta":{"footnotes":""},"pasmo":[8],"class_list":["post-504","movie","type-movie","status-publish","has-post-thumbnail","hentry","pasmo-vermilion"],"acf":[],"_links":{"self":[{"href":"https:\/\/festivalacko.sk\/archiv\/2024\/wp-json\/wp\/v2\/movie\/504","targetHints":{"allow":["GET"]}}],"collection":[{"href":"https:\/\/festivalacko.sk\/archiv\/2024\/wp-json\/wp\/v2\/movie"}],"about":[{"href":"https:\/\/festivalacko.sk\/archiv\/2024\/wp-json\/wp\/v2\/types\/movie"}],"version-history":[{"count":1,"href":"https:\/\/festivalacko.sk\/archiv\/2024\/wp-json\/wp\/v2\/movie\/504\/revisions"}],"predecessor-version":[{"id":913,"href":"https:\/\/festivalacko.sk\/archiv\/2024\/wp-json\/wp\/v2\/movie\/504\/revisions\/913"}],"wp:featuredmedia":[{"embeddable":true,"href":"https:\/\/festivalacko.sk\/archiv\/2024\/wp-json\/wp\/v2\/media\/485"}],"wp:attachment":[{"href":"https:\/\/festivalacko.sk\/archiv\/2024\/wp-json\/wp\/v2\/media?parent=504"}],"wp:term":[{"taxonomy":"pasmo","embeddable":true,"href":"https:\/\/festivalacko.sk\/archiv\/2024\/wp-json\/wp\/v2\/pasmo?post=504"}],"curies":[{"name":"wp","href":"https:\/\/api.w.org\/{rel}","templated":true}]}}

<p>Uprostred malej roľníckej usadlosti, ktorú obkolesujú len obilné polia sa na zemi prebudí Klára. Proti svojej vôli sa stáva súčasťou uzavretej komunity žien, ktorú nútia donekonečna pracovať prízraky v podobe vrán. Napĺňať obilím obrovské presklené SILO a na nič sa nepýtať je ich jedinou úlohou. Spoločne s priateľkou Luciou ale začnú pomaly odhaľovať desivú pravdu na pozadí komunity a seba samých. Kým nebude SILO plné, odísť nie je dovolené. Vrany sú však stále hladné …</p>



<p>minutáž: 10 min.</p>



<p>výkonná producentka: Natália Česánková<br>réžia: Imrich Kútik<br>scenár: Imrich Kútik, Ema Nemčovičová<br>majster zvuku: Vadim Ramacsay<br>hudobná skladateľka: Laura “SOUL” Poláčková</p>
