{"id":524,"date":"2024-10-10T19:03:27","date_gmt":"2024-10-10T17:03:27","guid":{"rendered":"https:\/\/festivalacko.sk\/archiv\/2024\/?post_type=movie&#038;p=524"},"modified":"2024-10-23T12:04:25","modified_gmt":"2024-10-23T10:04:25","slug":"a-nebo-ma-dve-poschodia","status":"publish","type":"movie","link":"https:\/\/festivalacko.sk\/archiv\/2024\/movie\/a-nebo-ma-dve-poschodia\/","title":{"rendered":"\u2026 a nebo m\u00e1 dve poschodia"},"content":{"rendered":"\n<p>Neprejaven\u00fd a introvertn\u00fd Gregor \u017eije so svojou matkou Herm\u00ednou v malej dedine na Kysuciach. Jedn\u00e9ho d\u0148a na ich dvere zaklope jeho bratranec Jano s ponukou brig\u00e1dy v Ma\u010farsku a najm\u00e4 s cie\u013eom urovnania neodvratne po\u0161ramoten\u00fdch rodinn\u00fdch vz\u0165ahov.<\/p>\n\n\n\n<p>minut\u00e1\u017e: 29 min.<\/p>\n\n\n\n<p>v\u00fdkonn\u00e1 producentka: Marianna Vadovi\u010dov\u00e1<br>r\u00e9\u017eia: Kristi\u00e1n Grupa\u010d<br>scen\u00e1r: Kristi\u00e1n Grupa\u010d, Mari\u00e1n Grupa\u010d<br>hlavn\u00fd kameraman: Andrej Dlab\u00e1\u010d<br>umeleck\u00e1 striha\u010dka: Vladim\u00edra Prielo\u017en\u00e1 Vrbi\u0148\u00e1kov\u00e1<br>majster zvuku: Maro\u0161 Olah<br>hudobn\u00fd skladate\u013e: Stanislav Kubica<\/p>\n","protected":false},"featured_media":481,"template":"","meta":{"footnotes":""},"pasmo":[8],"class_list":["post-524","movie","type-movie","status-publish","has-post-thumbnail","hentry","pasmo-vermilion"],"acf":[],"_links":{"self":[{"href":"https:\/\/festivalacko.sk\/archiv\/2024\/wp-json\/wp\/v2\/movie\/524","targetHints":{"allow":["GET"]}}],"collection":[{"href":"https:\/\/festivalacko.sk\/archiv\/2024\/wp-json\/wp\/v2\/movie"}],"about":[{"href":"https:\/\/festivalacko.sk\/archiv\/2024\/wp-json\/wp\/v2\/types\/movie"}],"version-history":[{"count":1,"href":"https:\/\/festivalacko.sk\/archiv\/2024\/wp-json\/wp\/v2\/movie\/524\/revisions"}],"predecessor-version":[{"id":912,"href":"https:\/\/festivalacko.sk\/archiv\/2024\/wp-json\/wp\/v2\/movie\/524\/revisions\/912"}],"wp:featuredmedia":[{"embeddable":true,"href":"https:\/\/festivalacko.sk\/archiv\/2024\/wp-json\/wp\/v2\/media\/481"}],"wp:attachment":[{"href":"https:\/\/festivalacko.sk\/archiv\/2024\/wp-json\/wp\/v2\/media?parent=524"}],"wp:term":[{"taxonomy":"pasmo","embeddable":true,"href":"https:\/\/festivalacko.sk\/archiv\/2024\/wp-json\/wp\/v2\/pasmo?post=524"}],"curies":[{"name":"wp","href":"https:\/\/api.w.org\/{rel}","templated":true}]}}

… a nebo má dve poschodia

<p>Neprejavený a introvertný Gregor žije so svojou matkou Hermínou v malej dedine na Kysuciach. Jedného dňa na ich dvere zaklope jeho bratranec Jano s ponukou brigády v Maďarsku a najmä s cieľom urovnania neodvratne pošramotených rodinných vzťahov.</p>



<p>minutáž: 29 min.</p>



<p>výkonná producentka: Marianna Vadovičová<br>réžia: Kristián Grupač<br>scenár: Kristián Grupač, Marián Grupač<br>hlavný kameraman: Andrej Dlabáč<br>umelecká strihačka: Vladimíra Prieložná Vrbiňáková<br>majster zvuku: Maroš Olah<br>hudobný skladateľ: Stanislav Kubica</p>
