{"id":535,"date":"2024-10-10T19:39:22","date_gmt":"2024-10-10T17:39:22","guid":{"rendered":"https:\/\/festivalacko.sk\/archiv\/2024\/?post_type=movie&#038;p=535"},"modified":"2024-10-23T12:00:39","modified_gmt":"2024-10-23T10:00:39","slug":"snova-rotacia","status":"publish","type":"movie","link":"https:\/\/festivalacko.sk\/archiv\/2024\/movie\/snova-rotacia\/","title":{"rendered":"Snov\u00e1 rot\u00e1cia"},"content":{"rendered":"\n<p>Straten\u00e1 du\u0161a sa v noci prediera h\u00fa\u0161tinou lesa. Bezcie\u013ene bl\u00fadi, a\u017e k\u00fdm nenaraz\u00ed na skupinku jemu podobn\u00fdch. Sedia pri ohni. Noc a ohe\u0148 ich oslobodili a teraz je ka\u017ed\u00fd pripraven\u00fd podeli\u0165 sa o pr\u00edbeh, ktor\u00fd ho priviedol na toto miesto.<\/p>\n\n\n\n<p>minut\u00e1\u017e: 9 min.<\/p>\n\n\n\n<p>v\u00fdkonn\u00e1 producentka: Diana Hanzelov\u00e1<br>r\u00e9\u017eia, scen\u00e1r a strih: Vikt\u00f3ria Zimmermannov\u00e1, Katar\u00edna Jel\u00ednkov\u00e1, Darya Sidorova a Rebeka Vakr\u010dkov\u00e1<br>majster zvuku: Marek Brinz\u00edk<\/p>\n","protected":false},"featured_media":546,"template":"","meta":{"footnotes":""},"pasmo":[10],"class_list":["post-535","movie","type-movie","status-publish","has-post-thumbnail","hentry","pasmo-sienna"],"acf":[],"_links":{"self":[{"href":"https:\/\/festivalacko.sk\/archiv\/2024\/wp-json\/wp\/v2\/movie\/535","targetHints":{"allow":["GET"]}}],"collection":[{"href":"https:\/\/festivalacko.sk\/archiv\/2024\/wp-json\/wp\/v2\/movie"}],"about":[{"href":"https:\/\/festivalacko.sk\/archiv\/2024\/wp-json\/wp\/v2\/types\/movie"}],"version-history":[{"count":1,"href":"https:\/\/festivalacko.sk\/archiv\/2024\/wp-json\/wp\/v2\/movie\/535\/revisions"}],"predecessor-version":[{"id":904,"href":"https:\/\/festivalacko.sk\/archiv\/2024\/wp-json\/wp\/v2\/movie\/535\/revisions\/904"}],"wp:featuredmedia":[{"embeddable":true,"href":"https:\/\/festivalacko.sk\/archiv\/2024\/wp-json\/wp\/v2\/media\/546"}],"wp:attachment":[{"href":"https:\/\/festivalacko.sk\/archiv\/2024\/wp-json\/wp\/v2\/media?parent=535"}],"wp:term":[{"taxonomy":"pasmo","embeddable":true,"href":"https:\/\/festivalacko.sk\/archiv\/2024\/wp-json\/wp\/v2\/pasmo?post=535"}],"curies":[{"name":"wp","href":"https:\/\/api.w.org\/{rel}","templated":true}]}}

Snová rotácia

<p>Stratená duša sa v noci prediera húštinou lesa. Bezcieľne blúdi, až kým nenarazí na skupinku jemu podobných. Sedia pri ohni. Noc a oheň ich oslobodili a teraz je každý pripravený podeliť sa o príbeh, ktorý ho priviedol na toto miesto.</p>



<p>minutáž: 9 min.</p>



<p>výkonná producentka: Diana Hanzelová<br>réžia, scenár a strih: Viktória Zimmermannová, Katarína Jelínková, Darya Sidorova a Rebeka Vakrčková<br>majster zvuku: Marek Brinzík</p>
