{"id":536,"date":"2024-10-10T19:33:22","date_gmt":"2024-10-10T17:33:22","guid":{"rendered":"https:\/\/festivalacko.sk\/archiv\/2024\/?post_type=movie&#038;p=536"},"modified":"2024-10-23T12:04:08","modified_gmt":"2024-10-23T10:04:08","slug":"tak-zajtra","status":"publish","type":"movie","link":"https:\/\/festivalacko.sk\/archiv\/2024\/movie\/tak-zajtra\/","title":{"rendered":"Tak zajtra"},"content":{"rendered":"\n<p>Jeden de\u0148 v \u017eivote dvoch bratov odha\u013euje drsn\u00fd rozpor medzi chladn\u00fdmi \u0161tyrmi stenami ich dom\u00e1cnosti a prchav\u00fdmi chv\u00ed\u013eami pokoja. Na ceste zo \u0161koly domov netu\u0161ia, ak\u00e9 \u0165a\u017ekosti ich o\u010dak\u00e1vaj\u00fa za dverami. Uprostred neust\u00e1lych konfliktov a rozvr\u00e1tenej rodiny zis\u0165uj\u00fa, \u017ee napriek rozdielom je ich puto najv\u00e4\u010d\u0161ou istotou.<\/p>\n\n\n\n<p>minut\u00e1\u017e: 17 min.<\/p>\n\n\n\n<p>v\u00fdkonn\u00fd producent: Laco Barta<br>r\u00e9\u017eia a strih: Hannah Dale<br>scen\u00e1r: Hannah Dale a \u013dudmila Hru\u0161ovsk\u00e1<br>hlavn\u00fd kameraman: Tereza Havadejov\u00e1<br>majster zvuku: Luk\u00e1\u0161 Kraj\u010d\u00edk<br>hudobn\u00fd skladate\u013e: Luk\u00e1\u0161 Kraj\u010d\u00edk<\/p>\n","protected":false},"featured_media":542,"template":"","meta":{"footnotes":""},"pasmo":[9],"class_list":["post-536","movie","type-movie","status-publish","has-post-thumbnail","hentry","pasmo-indigo"],"acf":[],"_links":{"self":[{"href":"https:\/\/festivalacko.sk\/archiv\/2024\/wp-json\/wp\/v2\/movie\/536","targetHints":{"allow":["GET"]}}],"collection":[{"href":"https:\/\/festivalacko.sk\/archiv\/2024\/wp-json\/wp\/v2\/movie"}],"about":[{"href":"https:\/\/festivalacko.sk\/archiv\/2024\/wp-json\/wp\/v2\/types\/movie"}],"version-history":[{"count":1,"href":"https:\/\/festivalacko.sk\/archiv\/2024\/wp-json\/wp\/v2\/movie\/536\/revisions"}],"predecessor-version":[{"id":911,"href":"https:\/\/festivalacko.sk\/archiv\/2024\/wp-json\/wp\/v2\/movie\/536\/revisions\/911"}],"wp:featuredmedia":[{"embeddable":true,"href":"https:\/\/festivalacko.sk\/archiv\/2024\/wp-json\/wp\/v2\/media\/542"}],"wp:attachment":[{"href":"https:\/\/festivalacko.sk\/archiv\/2024\/wp-json\/wp\/v2\/media?parent=536"}],"wp:term":[{"taxonomy":"pasmo","embeddable":true,"href":"https:\/\/festivalacko.sk\/archiv\/2024\/wp-json\/wp\/v2\/pasmo?post=536"}],"curies":[{"name":"wp","href":"https:\/\/api.w.org\/{rel}","templated":true}]}}

<p>Jeden deň v živote dvoch bratov odhaľuje drsný rozpor medzi chladnými štyrmi stenami ich domácnosti a prchavými chvíľami pokoja. Na ceste zo školy domov netušia, aké ťažkosti ich očakávajú za dverami. Uprostred neustálych konfliktov a rozvrátenej rodiny zisťujú, že napriek rozdielom je ich puto najväčšou istotou.</p>



<p>minutáž: 17 min.</p>



<p>výkonný producent: Laco Barta<br>réžia a strih: Hannah Dale<br>scenár: Hannah Dale a Ľudmila Hrušovská<br>hlavný kameraman: Tereza Havadejová<br>majster zvuku: Lukáš Krajčík<br>hudobný skladateľ: Lukáš Krajčík</p>
