{"id":570,"date":"2024-10-10T19:37:39","date_gmt":"2024-10-10T17:37:39","guid":{"rendered":"https:\/\/festivalacko.sk\/archiv\/2024\/?post_type=movie&#038;p=570"},"modified":"2024-10-23T12:02:01","modified_gmt":"2024-10-23T10:02:01","slug":"pas-de-deux","status":"publish","type":"movie","link":"https:\/\/festivalacko.sk\/archiv\/2024\/movie\/pas-de-deux\/","title":{"rendered":"Pas de deux"},"content":{"rendered":"\n<p>Desiv\u00fd pr\u00edchod \u0161tudentky do \u0161koly, ke\u010f zis\u0165uje, \u017ee sa ocitla v priestore, ak\u00fd neo\u010dak\u00e1vala, ale v \u00fatrob\u00e1ch budovy na \u0148u \u010d\u00edhaj\u00fa e\u0161te neo\u010dak\u00e1vanej\u0161ie temn\u00e9 sily.<\/p>\n\n\n\n<p>minut\u00e1\u017e: 9 min.<\/p>\n\n\n\n<p>v\u00fdkonn\u00ed producenti: Jaro Stup\u00e1k, Juliana Stra\u010dinov\u00e1<br>r\u00e9\u017eia a scen\u00e1r: Juraj Kr\u00e9n<br>hlavn\u00fd kameraman: Alexej Slavitskyi<br>umeleck\u00fd striha\u010d: Rastislav Fabian<br>majster zvuku: Mat\u00fa\u0161 Dibarbora<br>vizu\u00e1lne efekty: Patrik Szek\u00e1cs<br>hudobn\u00fd skladate\u013e: Egon Alter<\/p>\n","protected":false},"featured_media":541,"template":"","meta":{"footnotes":""},"pasmo":[9],"class_list":["post-570","movie","type-movie","status-publish","has-post-thumbnail","hentry","pasmo-indigo"],"acf":[],"_links":{"self":[{"href":"https:\/\/festivalacko.sk\/archiv\/2024\/wp-json\/wp\/v2\/movie\/570","targetHints":{"allow":["GET"]}}],"collection":[{"href":"https:\/\/festivalacko.sk\/archiv\/2024\/wp-json\/wp\/v2\/movie"}],"about":[{"href":"https:\/\/festivalacko.sk\/archiv\/2024\/wp-json\/wp\/v2\/types\/movie"}],"version-history":[{"count":1,"href":"https:\/\/festivalacko.sk\/archiv\/2024\/wp-json\/wp\/v2\/movie\/570\/revisions"}],"predecessor-version":[{"id":906,"href":"https:\/\/festivalacko.sk\/archiv\/2024\/wp-json\/wp\/v2\/movie\/570\/revisions\/906"}],"wp:featuredmedia":[{"embeddable":true,"href":"https:\/\/festivalacko.sk\/archiv\/2024\/wp-json\/wp\/v2\/media\/541"}],"wp:attachment":[{"href":"https:\/\/festivalacko.sk\/archiv\/2024\/wp-json\/wp\/v2\/media?parent=570"}],"wp:term":[{"taxonomy":"pasmo","embeddable":true,"href":"https:\/\/festivalacko.sk\/archiv\/2024\/wp-json\/wp\/v2\/pasmo?post=570"}],"curies":[{"name":"wp","href":"https:\/\/api.w.org\/{rel}","templated":true}]}}

<p>Desivý príchod študentky do školy, keď zisťuje, že sa ocitla v priestore, aký neočakávala, ale v útrobách budovy na ňu číhajú ešte neočakávanejšie temné sily.</p>



<p>minutáž: 9 min.</p>



<p>výkonní producenti: Jaro Stupák, Juliana Stračinová<br>réžia a scenár: Juraj Krén<br>hlavný kameraman: Alexej Slavitskyi<br>umelecký strihač: Rastislav Fabian<br>majster zvuku: Matúš Dibarbora<br>vizuálne efekty: Patrik Szekács<br>hudobný skladateľ: Egon Alter</p>
