{"id":572,"date":"2024-10-10T19:40:02","date_gmt":"2024-10-10T17:40:02","guid":{"rendered":"https:\/\/festivalacko.sk\/archiv\/2024\/?post_type=movie&#038;p=572"},"modified":"2024-10-23T11:53:48","modified_gmt":"2024-10-23T09:53:48","slug":"na-popole-zaklady","status":"publish","type":"movie","link":"https:\/\/festivalacko.sk\/archiv\/2024\/movie\/na-popole-zaklady\/","title":{"rendered":"Na popole z\u00e1klady"},"content":{"rendered":"\n<p>Kr\u00e1tky autorsk\u00fd video-dokument, ktor\u00fd pomocou mystifik\u00e1cie \u201cvykreovanej\u201d fikt\u00edvnej pers\u00f3ny m\u00e9dia\/ve\u0161tice, zachyt\u00e1va problematiku ezoterickej telev\u00edzie a jej neetick\u00e9ho vysielania. Autorka sa sna\u017e\u00ed otvori\u0165 diskusiu o podvodn\u00fdch praktik\u00e1ch a tichom prehliadan\u00ed ich problematickosti. V snahe o infiltr\u00e1ciu na telev\u00edzne obrazovky z\u00e1rove\u0148 objavuje hranice vlastnej etiky.<\/p>\n\n\n\n<p>minut\u00e1\u017e: 29 min.<\/p>\n\n\n\n<p>r\u00e9\u017eia, scen\u00e1r, kamera, strih: Krist\u00edna Vavrov\u00e1<br>dramaturgia: Luk\u00e1\u0161 Hamara<br>zvukov\u00e1 postprodukcia: Filip Farka\u0161ovsk\u00fd<\/p>\n","protected":false},"featured_media":544,"template":"","meta":{"footnotes":""},"pasmo":[10],"class_list":["post-572","movie","type-movie","status-publish","has-post-thumbnail","hentry","pasmo-sienna"],"acf":[],"_links":{"self":[{"href":"https:\/\/festivalacko.sk\/archiv\/2024\/wp-json\/wp\/v2\/movie\/572","targetHints":{"allow":["GET"]}}],"collection":[{"href":"https:\/\/festivalacko.sk\/archiv\/2024\/wp-json\/wp\/v2\/movie"}],"about":[{"href":"https:\/\/festivalacko.sk\/archiv\/2024\/wp-json\/wp\/v2\/types\/movie"}],"version-history":[{"count":1,"href":"https:\/\/festivalacko.sk\/archiv\/2024\/wp-json\/wp\/v2\/movie\/572\/revisions"}],"predecessor-version":[{"id":903,"href":"https:\/\/festivalacko.sk\/archiv\/2024\/wp-json\/wp\/v2\/movie\/572\/revisions\/903"}],"wp:featuredmedia":[{"embeddable":true,"href":"https:\/\/festivalacko.sk\/archiv\/2024\/wp-json\/wp\/v2\/media\/544"}],"wp:attachment":[{"href":"https:\/\/festivalacko.sk\/archiv\/2024\/wp-json\/wp\/v2\/media?parent=572"}],"wp:term":[{"taxonomy":"pasmo","embeddable":true,"href":"https:\/\/festivalacko.sk\/archiv\/2024\/wp-json\/wp\/v2\/pasmo?post=572"}],"curies":[{"name":"wp","href":"https:\/\/api.w.org\/{rel}","templated":true}]}}

Na popole základy

<p>Krátky autorský video-dokument, ktorý pomocou mystifikácie “vykreovanej” fiktívnej persóny média/veštice, zachytáva problematiku ezoterickej televízie a jej neetického vysielania. Autorka sa snaží otvoriť diskusiu o podvodných praktikách a tichom prehliadaní ich problematickosti. V snahe o infiltráciu na televízne obrazovky zároveň objavuje hranice vlastnej etiky.</p>



<p>minutáž: 29 min.</p>



<p>réžia, scenár, kamera, strih: Kristína Vavrová<br>dramaturgia: Lukáš Hamara<br>zvuková postprodukcia: Filip Farkašovský</p>
