{"id":577,"date":"2024-10-10T19:43:22","date_gmt":"2024-10-10T17:43:22","guid":{"rendered":"https:\/\/festivalacko.sk\/archiv\/2024\/?post_type=movie&#038;p=577"},"modified":"2024-10-23T11:50:06","modified_gmt":"2024-10-23T09:50:06","slug":"aj-v-uchu-je-slimak","status":"publish","type":"movie","link":"https:\/\/festivalacko.sk\/archiv\/2024\/movie\/aj-v-uchu-je-slimak\/","title":{"rendered":"Aj v uchu je slim\u00e1k"},"content":{"rendered":"\n<p>Z ka\u017edodenn\u00e9ho monot\u00f3nneho sveta je postava po absurdnom strete s mu\u0161\u013eou a hovoriacim hom\u00e1rom n\u00faten\u00e1 hlb\u0161ie spozna\u0165 svoje vn\u00fatro a podstatu, nazrie\u0165 pod povrch hladiny, vyliez\u0165 zo schr\u00e1nky svojej ulity a h\u013eada\u0165 na konci \u0161pir\u00e1ly.<\/p>\n\n\n\n<p>minut\u00e1\u017e: 7 min.<\/p>\n\n\n\n<p>v\u00fdkonn\u00e1 producentka: Nat\u00e1lia Uhrinov\u00e1<br>r\u00e9\u017eia, scen\u00e1r, kamera, strih, zvuk, vfx: Tereza Havadejov\u00e1<\/p>\n","protected":false},"featured_media":549,"template":"","meta":{"footnotes":""},"pasmo":[11],"class_list":["post-577","movie","type-movie","status-publish","has-post-thumbnail","hentry","pasmo-emerald"],"acf":[],"_links":{"self":[{"href":"https:\/\/festivalacko.sk\/archiv\/2024\/wp-json\/wp\/v2\/movie\/577","targetHints":{"allow":["GET"]}}],"collection":[{"href":"https:\/\/festivalacko.sk\/archiv\/2024\/wp-json\/wp\/v2\/movie"}],"about":[{"href":"https:\/\/festivalacko.sk\/archiv\/2024\/wp-json\/wp\/v2\/types\/movie"}],"version-history":[{"count":1,"href":"https:\/\/festivalacko.sk\/archiv\/2024\/wp-json\/wp\/v2\/movie\/577\/revisions"}],"predecessor-version":[{"id":898,"href":"https:\/\/festivalacko.sk\/archiv\/2024\/wp-json\/wp\/v2\/movie\/577\/revisions\/898"}],"wp:featuredmedia":[{"embeddable":true,"href":"https:\/\/festivalacko.sk\/archiv\/2024\/wp-json\/wp\/v2\/media\/549"}],"wp:attachment":[{"href":"https:\/\/festivalacko.sk\/archiv\/2024\/wp-json\/wp\/v2\/media?parent=577"}],"wp:term":[{"taxonomy":"pasmo","embeddable":true,"href":"https:\/\/festivalacko.sk\/archiv\/2024\/wp-json\/wp\/v2\/pasmo?post=577"}],"curies":[{"name":"wp","href":"https:\/\/api.w.org\/{rel}","templated":true}]}}

Aj v uchu je slimák

<p>Z každodenného monotónneho sveta je postava po absurdnom strete s mušľou a hovoriacim homárom nútená hlbšie spoznať svoje vnútro a podstatu, nazrieť pod povrch hladiny, vyliezť zo schránky svojej ulity a hľadať na konci špirály.</p>



<p>minutáž: 7 min.</p>



<p>výkonná producentka: Natália Uhrinová<br>réžia, scenár, kamera, strih, zvuk, vfx: Tereza Havadejová</p>
