{"id":578,"date":"2024-10-10T19:43:56","date_gmt":"2024-10-10T17:43:56","guid":{"rendered":"https:\/\/festivalacko.sk\/archiv\/2024\/?post_type=movie&#038;p=578"},"modified":"2024-10-23T11:49:23","modified_gmt":"2024-10-23T09:49:23","slug":"napriec-casom","status":"publish","type":"movie","link":"https:\/\/festivalacko.sk\/archiv\/2024\/movie\/napriec-casom\/","title":{"rendered":"Naprie\u010d \u010dasom"},"content":{"rendered":"\n<p>V \u010falekej bud\u00facnosti je Leopold prebuden\u00fd z dlh\u00e9ho sp\u00e1nku, no jeho n\u00e1vrat do \u017eivota nie je tak\u00fd, ak\u00fd si predstavoval. Namiesto vyt\u00fa\u017een\u00e9ho nov\u00e9ho tela ho \u010dak\u00e1 prekvapenie \u2013 a star\u00fd rival, ktor\u00fd mu ho ukradol. V snahe z\u00edska\u0165 sp\u00e4\u0165, \u010do je jeho, sa Leopold p\u00fa\u0161\u0165a do bizarn\u00e9ho a nap\u00ednav\u00e9ho boja. \u010co v\u0161etko je \u010dlovek ochotn\u00fd obetova\u0165, aby op\u00e4\u0165 na\u0161iel s\u00e1m seba v svete, kde u\u017e ni\u010d nie je tak, ako b\u00fdvalo?<\/p>\n\n\n\n<p>minut\u00e1\u017e: 5 min.<\/p>\n\n\n\n<p>v\u00fdkonn\u00e1 producentka: Alexandra \u010cuchorov\u00e1 <br>r\u00e9\u017eia, scen\u00e1r, kamera, strih, anim\u00e1cia: Gregor Grega <br>vfx: Patrik Maryniak, Emik Hirschner <br>majster zvuku: Filip Benkovits<\/p>\n","protected":false},"featured_media":553,"template":"","meta":{"footnotes":""},"pasmo":[11],"class_list":["post-578","movie","type-movie","status-publish","has-post-thumbnail","hentry","pasmo-emerald"],"acf":[],"_links":{"self":[{"href":"https:\/\/festivalacko.sk\/archiv\/2024\/wp-json\/wp\/v2\/movie\/578","targetHints":{"allow":["GET"]}}],"collection":[{"href":"https:\/\/festivalacko.sk\/archiv\/2024\/wp-json\/wp\/v2\/movie"}],"about":[{"href":"https:\/\/festivalacko.sk\/archiv\/2024\/wp-json\/wp\/v2\/types\/movie"}],"version-history":[{"count":1,"href":"https:\/\/festivalacko.sk\/archiv\/2024\/wp-json\/wp\/v2\/movie\/578\/revisions"}],"predecessor-version":[{"id":897,"href":"https:\/\/festivalacko.sk\/archiv\/2024\/wp-json\/wp\/v2\/movie\/578\/revisions\/897"}],"wp:featuredmedia":[{"embeddable":true,"href":"https:\/\/festivalacko.sk\/archiv\/2024\/wp-json\/wp\/v2\/media\/553"}],"wp:attachment":[{"href":"https:\/\/festivalacko.sk\/archiv\/2024\/wp-json\/wp\/v2\/media?parent=578"}],"wp:term":[{"taxonomy":"pasmo","embeddable":true,"href":"https:\/\/festivalacko.sk\/archiv\/2024\/wp-json\/wp\/v2\/pasmo?post=578"}],"curies":[{"name":"wp","href":"https:\/\/api.w.org\/{rel}","templated":true}]}}

Naprieč časom

<p>V ďalekej budúcnosti je Leopold prebudený z dlhého spánku, no jeho návrat do života nie je taký, aký si predstavoval. Namiesto vytúženého nového tela ho čaká prekvapenie – a starý rival, ktorý mu ho ukradol. V snahe získať späť, čo je jeho, sa Leopold púšťa do bizarného a napínavého boja. Čo všetko je človek ochotný obetovať, aby opäť našiel sám seba v svete, kde už nič nie je tak, ako bývalo?</p>



<p>minutáž: 5 min.</p>



<p>výkonná producentka: Alexandra Čuchorová <br>réžia, scenár, kamera, strih, animácia: Gregor Grega <br>vfx: Patrik Maryniak, Emik Hirschner <br>majster zvuku: Filip Benkovits</p>
