{"id":579,"date":"2024-10-10T19:44:36","date_gmt":"2024-10-10T17:44:36","guid":{"rendered":"https:\/\/festivalacko.sk\/archiv\/2024\/?post_type=movie&#038;p=579"},"modified":"2024-10-23T11:48:57","modified_gmt":"2024-10-23T09:48:57","slug":"spoved","status":"publish","type":"movie","link":"https:\/\/festivalacko.sk\/archiv\/2024\/movie\/spoved\/","title":{"rendered":"Spove\u010f"},"content":{"rendered":"\n<p>Slovo trauma m\u00e1 ve\u013ea odtie\u0148ov. Dokument\u00e1rny film Spove\u010f otv\u00e1ra t\u00e9mu sexu\u00e1lneho ob\u0165a\u017eovania v cirkvi, ktor\u00fdm si re\u017eis\u00e9rka pre\u0161la na vlastnej ko\u017ei. Obzer\u00e1 sa na svet pred traumou a sama h\u013ead\u00e1 odpovede na ot\u00e1zky, \u010di sa z toho dok\u00e1\u017ee po nejakom \u010dase vymani\u0165, a \u010di naberie odvahu o tom poveda\u0165 svojim rodi\u010dom. Ni\u010d nedok\u00e1\u017ee \u010dloveka od svojich bl\u00edzkych oddiali\u0165 viac ako nevypovedan\u00e9 tajomstvo.<\/p>\n\n\n\n<p>minut\u00e1\u017e: 29 min.<\/p>\n\n\n\n<p>v\u00fdkonn\u00e1 producentka: Em\u00edlia \u0160irotn\u00edkov\u00e1<br>r\u00e9\u017eia a scen\u00e1r: Rebeka Bizubov\u00e1<br>hlavn\u00e1 kameramanka: Tereza Havadejov\u00e1<br>umeleck\u00fd striha\u010d: Peter Ko\u0161ka<br>majster zvuku: Daniel Valovi\u010d<br>hudobn\u00e1 skladate\u013eka: Rebeka Bizubov\u00e1<\/p>\n","protected":false},"featured_media":556,"template":"","meta":{"footnotes":""},"pasmo":[11],"class_list":["post-579","movie","type-movie","status-publish","has-post-thumbnail","hentry","pasmo-emerald"],"acf":[],"_links":{"self":[{"href":"https:\/\/festivalacko.sk\/archiv\/2024\/wp-json\/wp\/v2\/movie\/579","targetHints":{"allow":["GET"]}}],"collection":[{"href":"https:\/\/festivalacko.sk\/archiv\/2024\/wp-json\/wp\/v2\/movie"}],"about":[{"href":"https:\/\/festivalacko.sk\/archiv\/2024\/wp-json\/wp\/v2\/types\/movie"}],"version-history":[{"count":1,"href":"https:\/\/festivalacko.sk\/archiv\/2024\/wp-json\/wp\/v2\/movie\/579\/revisions"}],"predecessor-version":[{"id":896,"href":"https:\/\/festivalacko.sk\/archiv\/2024\/wp-json\/wp\/v2\/movie\/579\/revisions\/896"}],"wp:featuredmedia":[{"embeddable":true,"href":"https:\/\/festivalacko.sk\/archiv\/2024\/wp-json\/wp\/v2\/media\/556"}],"wp:attachment":[{"href":"https:\/\/festivalacko.sk\/archiv\/2024\/wp-json\/wp\/v2\/media?parent=579"}],"wp:term":[{"taxonomy":"pasmo","embeddable":true,"href":"https:\/\/festivalacko.sk\/archiv\/2024\/wp-json\/wp\/v2\/pasmo?post=579"}],"curies":[{"name":"wp","href":"https:\/\/api.w.org\/{rel}","templated":true}]}}

Spoveď

<p>Slovo trauma má veľa odtieňov. Dokumentárny film Spoveď otvára tému sexuálneho obťažovania v cirkvi, ktorým si režisérka prešla na vlastnej koži. Obzerá sa na svet pred traumou a sama hľadá odpovede na otázky, či sa z toho dokáže po nejakom čase vymaniť, a či naberie odvahu o tom povedať svojim rodičom. Nič nedokáže človeka od svojich blízkych oddialiť viac ako nevypovedané tajomstvo.</p>



<p>minutáž: 29 min.</p>



<p>výkonná producentka: Emília Širotníková<br>réžia a scenár: Rebeka Bizubová<br>hlavná kameramanka: Tereza Havadejová<br>umelecký strihač: Peter Koška<br>majster zvuku: Daniel Valovič<br>hudobná skladateľka: Rebeka Bizubová</p>
