{"id":581,"date":"2024-10-10T19:45:57","date_gmt":"2024-10-10T17:45:57","guid":{"rendered":"https:\/\/festivalacko.sk\/archiv\/2024\/?post_type=movie&#038;p=581"},"modified":"2024-10-23T11:47:34","modified_gmt":"2024-10-23T09:47:34","slug":"draty","status":"publish","type":"movie","link":"https:\/\/festivalacko.sk\/archiv\/2024\/movie\/draty\/","title":{"rendered":"Dr\u00e1ty"},"content":{"rendered":"\n<p>Pr\u00edbeh sa odohr\u00e1va v socialistickom \u010ceskoslovensku v malom byte v Prahe. Dvaja vysoko\u0161kolsk\u00ed \u0161tudenti, Hanna a Martin, sa r\u00e1no zobudia a v svojej sp\u00e1lni objavia odpo\u010d\u00favacie zariadenie. Nesk\u00f4r sedia v rozh\u00e1dzanej ob\u00fdva\u010dke a rozpr\u00e1vaj\u00fa sa \u0161iframi, preto\u017ee vedia, \u017ee ich odpo\u010d\u00fava \u0160TB. Zapn\u00fa si r\u00e1dio, ktor\u00e9 m\u00e1 prehlu\u0161i\u0165 zvuk ich rozpr\u00e1vania. V byte cez cestu sed\u00ed za zastret\u00fdmi roletami v polotme mu\u017e, ktor\u00fd po\u010d\u00fava ka\u017ed\u00e9 ich slovo.<\/p>\n\n\n\n<p>minut\u00e1\u017e: 7 min.<\/p>\n\n\n\n<p>v\u00fdkonn\u00e1 producentka: Simona Bartosov\u00e1<br>r\u00e9\u017eia a scen\u00e1r: Jakub Hor\u0148\u00e1k<br>hlavn\u00fd kameraman: Matej Moln\u00e1r<br>umeleck\u00fd striha\u010d: Martin Reme\u0148<br>majster zvuku: Adri\u00e1n L\u00ed\u0161ka<br>hudobn\u00fd skladate\u013e: Adri\u00e1n L\u00ed\u0161ka<\/p>\n","protected":false},"featured_media":551,"template":"","meta":{"footnotes":""},"pasmo":[11],"class_list":["post-581","movie","type-movie","status-publish","has-post-thumbnail","hentry","pasmo-emerald"],"acf":[],"_links":{"self":[{"href":"https:\/\/festivalacko.sk\/archiv\/2024\/wp-json\/wp\/v2\/movie\/581","targetHints":{"allow":["GET"]}}],"collection":[{"href":"https:\/\/festivalacko.sk\/archiv\/2024\/wp-json\/wp\/v2\/movie"}],"about":[{"href":"https:\/\/festivalacko.sk\/archiv\/2024\/wp-json\/wp\/v2\/types\/movie"}],"version-history":[{"count":1,"href":"https:\/\/festivalacko.sk\/archiv\/2024\/wp-json\/wp\/v2\/movie\/581\/revisions"}],"predecessor-version":[{"id":894,"href":"https:\/\/festivalacko.sk\/archiv\/2024\/wp-json\/wp\/v2\/movie\/581\/revisions\/894"}],"wp:featuredmedia":[{"embeddable":true,"href":"https:\/\/festivalacko.sk\/archiv\/2024\/wp-json\/wp\/v2\/media\/551"}],"wp:attachment":[{"href":"https:\/\/festivalacko.sk\/archiv\/2024\/wp-json\/wp\/v2\/media?parent=581"}],"wp:term":[{"taxonomy":"pasmo","embeddable":true,"href":"https:\/\/festivalacko.sk\/archiv\/2024\/wp-json\/wp\/v2\/pasmo?post=581"}],"curies":[{"name":"wp","href":"https:\/\/api.w.org\/{rel}","templated":true}]}}

Dráty

<p>Príbeh sa odohráva v socialistickom Československu v malom byte v Prahe. Dvaja vysokoškolskí študenti, Hanna a Martin, sa ráno zobudia a v svojej spálni objavia odpočúvacie zariadenie. Neskôr sedia v rozhádzanej obývačke a rozprávajú sa šiframi, pretože vedia, že ich odpočúva ŠTB. Zapnú si rádio, ktoré má prehlušiť zvuk ich rozprávania. V byte cez cestu sedí za zastretými roletami v polotme muž, ktorý počúva každé ich slovo.</p>



<p>minutáž: 7 min.</p>



<p>výkonná producentka: Simona Bartosová<br>réžia a scenár: Jakub Horňák<br>hlavný kameraman: Matej Molnár<br>umelecký strihač: Martin Remeň<br>majster zvuku: Adrián Líška<br>hudobný skladateľ: Adrián Líška</p>
