{"id":588,"date":"2024-10-10T19:50:15","date_gmt":"2024-10-10T17:50:15","guid":{"rendered":"https:\/\/festivalacko.sk\/archiv\/2024\/?post_type=movie&#038;p=588"},"modified":"2024-10-23T11:44:30","modified_gmt":"2024-10-23T09:44:30","slug":"ah-ca-ira","status":"publish","type":"movie","link":"https:\/\/festivalacko.sk\/archiv\/2024\/movie\/ah-ca-ira\/","title":{"rendered":"Ah! \u00e7a ira!"},"content":{"rendered":"\n<p>Pr\u00edbeh sleduje mlad\u00e9 diev\u010da, ktor\u00e9 si prech\u00e1dza \u0165a\u017ek\u00fdm obdob\u00edm. Matka sa o \u0148u nezauj\u00edma, sama si zar\u00e1ba na \u017eivobytie a \u0161etr\u00ed na vysok\u00fa \u0161kolu. Ke\u010f v\u0161ak jej poh\u00e1r trpezlivosti preleje posledn\u00e1 kvapka, za\u010dn\u00fa sa dia\u0165 divn\u00e9 veci a dostane sa do situ\u00e1cie, z ktorej u\u017e niet cesty sp\u00e4\u0165. Jedno rozhodnutie ju bude st\u00e1\u0165 v\u0161etko.<\/p>\n\n\n\n<p>minut\u00e1\u017e: 9 min.<\/p>\n\n\n\n<p>v\u00fdkonn\u00e1 producentka: Vikt\u00f3ria Mikul\u00e1\u0161ikov\u00e1<br>r\u00e9\u017eia, scen\u00e1r a strih: Melisa Danisov\u00e1<br>hlavn\u00fd kameraman: Kristi\u00e1n Katona<br>majster zvuku: Denis \u0160atan<br>vizu\u00e1lne efekty: Adam Zvolensk\u00fd<\/p>\n","protected":false},"featured_media":557,"template":"","meta":{"footnotes":""},"pasmo":[12],"class_list":["post-588","movie","type-movie","status-publish","has-post-thumbnail","hentry","pasmo-amarelo"],"acf":[],"_links":{"self":[{"href":"https:\/\/festivalacko.sk\/archiv\/2024\/wp-json\/wp\/v2\/movie\/588","targetHints":{"allow":["GET"]}}],"collection":[{"href":"https:\/\/festivalacko.sk\/archiv\/2024\/wp-json\/wp\/v2\/movie"}],"about":[{"href":"https:\/\/festivalacko.sk\/archiv\/2024\/wp-json\/wp\/v2\/types\/movie"}],"version-history":[{"count":1,"href":"https:\/\/festivalacko.sk\/archiv\/2024\/wp-json\/wp\/v2\/movie\/588\/revisions"}],"predecessor-version":[{"id":887,"href":"https:\/\/festivalacko.sk\/archiv\/2024\/wp-json\/wp\/v2\/movie\/588\/revisions\/887"}],"wp:featuredmedia":[{"embeddable":true,"href":"https:\/\/festivalacko.sk\/archiv\/2024\/wp-json\/wp\/v2\/media\/557"}],"wp:attachment":[{"href":"https:\/\/festivalacko.sk\/archiv\/2024\/wp-json\/wp\/v2\/media?parent=588"}],"wp:term":[{"taxonomy":"pasmo","embeddable":true,"href":"https:\/\/festivalacko.sk\/archiv\/2024\/wp-json\/wp\/v2\/pasmo?post=588"}],"curies":[{"name":"wp","href":"https:\/\/api.w.org\/{rel}","templated":true}]}}

Ah! ça ira!

<p>Príbeh sleduje mladé dievča, ktoré si prechádza ťažkým obdobím. Matka sa o ňu nezaujíma, sama si zarába na živobytie a šetrí na vysokú školu. Keď však jej pohár trpezlivosti preleje posledná kvapka, začnú sa diať divné veci a dostane sa do situácie, z ktorej už niet cesty späť. Jedno rozhodnutie ju bude stáť všetko.</p>



<p>minutáž: 9 min.</p>



<p>výkonná producentka: Viktória Mikulášiková<br>réžia, scenár a strih: Melisa Danisová<br>hlavný kameraman: Kristián Katona<br>majster zvuku: Denis Šatan<br>vizuálne efekty: Adam Zvolenský</p>
