{"id":589,"date":"2024-10-10T19:50:40","date_gmt":"2024-10-10T17:50:40","guid":{"rendered":"https:\/\/festivalacko.sk\/archiv\/2024\/?post_type=movie&#038;p=589"},"modified":"2024-10-23T11:44:05","modified_gmt":"2024-10-23T09:44:05","slug":"havo","status":"publish","type":"movie","link":"https:\/\/festivalacko.sk\/archiv\/2024\/movie\/havo\/","title":{"rendered":"Havo"},"content":{"rendered":"\n<p>Havo je ps\u00edk, ktor\u00fd u\u017e nechce by\u0165 pri svojej majte\u013eke babke v domove d\u00f4chodcov. Pri pokuse o \u00fatek zis\u0165uje, \u017ee jeho sliny maj\u00fa transformat\u00edvny efekt na in\u00e9 organizmy. S vyu\u017eit\u00edm tejto schopnosti utek\u00e1 zo zajatia, av\u0161ak zanech\u00e1va za sebou novovzniknut\u00e9ho psodlaka a babku, ktor\u00e1 chce Hava z\u00edska\u0165 sp\u00e4\u0165 za ka\u017ed\u00fa cenu.<\/p>\n\n\n\n<p>minut\u00e1\u017e: 5 min.<\/p>\n\n\n\n<p>r\u00e9\u017eia: Michal Dubjel<br>scen\u00e1r: Michal Dubjel, Kristi\u00e1n Lazar\u010d\u00edk<br>anim\u00e1cia: Michal Dubjel, \u0160t\u011bp\u00e1nka Mikul\u00edkov\u00e1<br>majster zvuku: Jaroslav Ne\u010das<\/p>\n","protected":false},"featured_media":560,"template":"","meta":{"footnotes":""},"pasmo":[12],"class_list":["post-589","movie","type-movie","status-publish","has-post-thumbnail","hentry","pasmo-amarelo"],"acf":[],"_links":{"self":[{"href":"https:\/\/festivalacko.sk\/archiv\/2024\/wp-json\/wp\/v2\/movie\/589","targetHints":{"allow":["GET"]}}],"collection":[{"href":"https:\/\/festivalacko.sk\/archiv\/2024\/wp-json\/wp\/v2\/movie"}],"about":[{"href":"https:\/\/festivalacko.sk\/archiv\/2024\/wp-json\/wp\/v2\/types\/movie"}],"version-history":[{"count":3,"href":"https:\/\/festivalacko.sk\/archiv\/2024\/wp-json\/wp\/v2\/movie\/589\/revisions"}],"predecessor-version":[{"id":886,"href":"https:\/\/festivalacko.sk\/archiv\/2024\/wp-json\/wp\/v2\/movie\/589\/revisions\/886"}],"wp:featuredmedia":[{"embeddable":true,"href":"https:\/\/festivalacko.sk\/archiv\/2024\/wp-json\/wp\/v2\/media\/560"}],"wp:attachment":[{"href":"https:\/\/festivalacko.sk\/archiv\/2024\/wp-json\/wp\/v2\/media?parent=589"}],"wp:term":[{"taxonomy":"pasmo","embeddable":true,"href":"https:\/\/festivalacko.sk\/archiv\/2024\/wp-json\/wp\/v2\/pasmo?post=589"}],"curies":[{"name":"wp","href":"https:\/\/api.w.org\/{rel}","templated":true}]}}

<p>Havo je psík, ktorý už nechce byť pri svojej majteľke babke v domove dôchodcov. Pri pokuse o útek zisťuje, že jeho sliny majú transformatívny efekt na iné organizmy. S využitím tejto schopnosti uteká zo zajatia, avšak zanecháva za sebou novovzniknutého psodlaka a babku, ktorá chce Hava získať späť za každú cenu.</p>



<p>minutáž: 5 min.</p>



<p>réžia: Michal Dubjel<br>scenár: Michal Dubjel, Kristián Lazarčík<br>animácia: Michal Dubjel, Štěpánka Mikulíková<br>majster zvuku: Jaroslav Nečas</p>
