{"id":689,"date":"2024-10-11T18:45:09","date_gmt":"2024-10-11T16:45:09","guid":{"rendered":"https:\/\/festivalacko.sk\/archiv\/2024\/?post_type=mp-event&#038;p=689"},"modified":"2024-10-16T22:02:39","modified_gmt":"2024-10-16T20:02:39","slug":"dramatic-storytelling-in-the-times-of-postmoderism-eng","status":"publish","type":"mp-event","link":"https:\/\/festivalacko.sk\/archiv\/2024\/timetable\/event\/dramatic-storytelling-in-the-times-of-postmoderism-eng\/","title":{"rendered":"Filmov\u00e1 re\u010d v postmodernizme (eng) &#8211; predn\u00e1\u0161ka"},"content":{"rendered":"\n<p>Je pre n\u00e1s c\u0165ou op\u00e4\u0165 priv\u00edta\u0165 Krzysztofa Zanussiho, jedn\u00e9ho z najv\u00fdznamnej\u0161\u00edch tvorcov eur\u00f3pskeho filmu. Jeho jedine\u010dn\u00fd poh\u013ead a schopnos\u0165 prenikn\u00fa\u0165 do h\u013abky \u013eudskej povahy robia z ka\u017edej jeho predn\u00e1\u0161ky nezabudnute\u013en\u00fd z\u00e1\u017eitok. Zanussi prin\u00e1\u0161a nielen bohat\u00e9 sk\u00fasenosti, ale aj hlbok\u00e9 filozofick\u00e9 reflexie, ktor\u00e9 sa dot\u00fdkaj\u00fa filmov\u00e9ho umenia a \u017eivota samotn\u00e9ho. Ak chcete pochopi\u0165, ako mysl\u00ed jeden z majstrov filmov\u00e9ho rozpr\u00e1vania, toto je pr\u00edle\u017eitos\u0165, ktor\u00fa by ste si nemali necha\u0165 ujs\u0165.<\/p>\n","protected":false},"excerpt":{"rendered":"<p>Je pre n\u00e1s c\u0165ou op\u00e4\u0165 priv\u00edta\u0165 Krzysztofa Zanussiho, jedn\u00e9ho z najv\u00fdznamnej\u0161\u00edch tvorcov eur\u00f3pskeho filmu. Jeho jedine\u010dn\u00fd poh\u013ead a schopnos\u0165 prenikn\u00fa\u0165 do h\u013abky \u013eudskej povahy robia z ka\u017edej jeho predn\u00e1\u0161ky nezabudnute\u013en\u00fd z\u00e1\u017eitok. Zanussi prin\u00e1\u0161a nielen bohat\u00e9 sk\u00fasenosti, ale aj hlbok\u00e9 filozofick\u00e9 reflexie, ktor\u00e9 sa dot\u00fdkaj\u00fa filmov\u00e9ho umenia a \u017eivota samotn\u00e9ho. Ak chcete pochopi\u0165, ako mysl\u00ed jeden [&hellip;]<\/p>\n","protected":false},"author":1,"featured_media":0,"menu_order":0,"comment_status":"open","ping_status":"closed","template":"","mp-event_category":[13],"mp-event_tag":[],"class_list":["post-689","mp-event","type-mp-event","status-publish","hentry","mp-event_category-wednesday","mp-event-item"],"acf":[],"_links":{"self":[{"href":"https:\/\/festivalacko.sk\/archiv\/2024\/wp-json\/wp\/v2\/mp-event\/689","targetHints":{"allow":["GET"]}}],"collection":[{"href":"https:\/\/festivalacko.sk\/archiv\/2024\/wp-json\/wp\/v2\/mp-event"}],"about":[{"href":"https:\/\/festivalacko.sk\/archiv\/2024\/wp-json\/wp\/v2\/types\/mp-event"}],"author":[{"embeddable":true,"href":"https:\/\/festivalacko.sk\/archiv\/2024\/wp-json\/wp\/v2\/users\/1"}],"replies":[{"embeddable":true,"href":"https:\/\/festivalacko.sk\/archiv\/2024\/wp-json\/wp\/v2\/comments?post=689"}],"wp:attachment":[{"href":"https:\/\/festivalacko.sk\/archiv\/2024\/wp-json\/wp\/v2\/media?parent=689"}],"wp:term":[{"taxonomy":"mp-event_category","embeddable":true,"href":"https:\/\/festivalacko.sk\/archiv\/2024\/wp-json\/wp\/v2\/mp-event_category?post=689"},{"taxonomy":"mp-event_tag","embeddable":true,"href":"https:\/\/festivalacko.sk\/archiv\/2024\/wp-json\/wp\/v2\/mp-event_tag?post=689"}],"curies":[{"name":"wp","href":"https:\/\/api.w.org\/{rel}","templated":true}]}}

Filmová reč v postmodernizme (eng) &#8211; prednáška

<p>Je pre nás cťou opäť privítať Krzysztofa Zanussiho, jedného z najvýznamnejších tvorcov európskeho filmu. Jeho jedinečný pohľad a schopnosť preniknúť do hĺbky ľudskej povahy robia z každej jeho prednášky nezabudnuteľný zážitok. Zanussi prináša nielen bohaté skúsenosti, ale aj hlboké filozofické reflexie, ktoré sa dotýkajú filmového umenia a života samotného. Ak chcete pochopiť, ako myslí jeden z majstrov filmového rozprávania, toto je príležitosť, ktorú by ste si nemali nechať ujsť.</p>

<p>Je pre nás cťou opäť privítať Krzysztofa Zanussiho, jedného z najvýznamnejších tvorcov európskeho filmu. Jeho jedinečný pohľad a schopnosť preniknúť do hĺbky ľudskej povahy robia z každej jeho prednášky nezabudnuteľný zážitok. Zanussi prináša nielen bohaté skúsenosti, ale aj hlboké filozofické reflexie, ktoré sa dotýkajú filmového umenia a života samotného. Ak chcete pochopiť, ako myslí jeden [&hellip;]</p>
