{"id":732,"date":"2024-10-12T16:39:29","date_gmt":"2024-10-12T14:39:29","guid":{"rendered":"https:\/\/festivalacko.sk\/archiv\/2024\/?post_type=mp-event&#038;p=732"},"modified":"2024-10-16T21:56:39","modified_gmt":"2024-10-16T19:56:39","slug":"take-sceny","status":"publish","type":"mp-event","link":"https:\/\/festivalacko.sk\/archiv\/2024\/timetable\/event\/take-sceny\/","title":{"rendered":"TAK\u00c9 kontrasty &#8211; diskusia"},"content":{"rendered":"\n<p>TAK\u00c9 sc\u00e9ny s\u00fa p\u00f4vodom tak\u00e9 in\u00e9 architektky &#8211; Dorota Volfov\u00e1 a Brigi Teplanov\u00e1. Ako duo pracuj\u00fa od roku 2020 na audiovizu\u00e1lnych projektoch, v ktor\u00fdch nach\u00e1dzaj\u00fa, odha\u013euj\u00fa a vytv\u00e1raj\u00fa tak\u00e9-nejak\u00e9 priestory.<br>V tejto diskusi\u00ed v\u00e1m\/n\u00e1m predstavia tak\u00e9 kontrasty, ktor\u00fdmi prech\u00e1dzaj\u00fa po\u010das tvorby, v princ\u00edpe, v n\u00e1vrhoch, vo vrstv\u00e1ch, v komunik\u00e1ci\u00ed, v realiz\u00e1ci\u00ed a aj medzi sebou.<\/p>\n","protected":false},"excerpt":{"rendered":"<p>TAK\u00c9 sc\u00e9ny s\u00fa p\u00f4vodom tak\u00e9 in\u00e9 architektky &#8211; Dorota Volfov\u00e1 a Brigi Teplanov\u00e1. Ako duo pracuj\u00fa od roku 2020 na audiovizu\u00e1lnych projektoch, v ktor\u00fdch nach\u00e1dzaj\u00fa, odha\u013euj\u00fa a vytv\u00e1raj\u00fa tak\u00e9-nejak\u00e9 priestory.V tejto diskusi\u00ed v\u00e1m\/n\u00e1m predstavia tak\u00e9 kontrasty, ktor\u00fdmi prech\u00e1dzaj\u00fa po\u010das tvorby, v princ\u00edpe, v n\u00e1vrhoch, vo vrstv\u00e1ch, v komunik\u00e1ci\u00ed, v realiz\u00e1ci\u00ed a aj medzi sebou.<\/p>\n","protected":false},"author":1,"featured_media":0,"menu_order":0,"comment_status":"open","ping_status":"closed","template":"","mp-event_category":[14],"mp-event_tag":[],"class_list":["post-732","mp-event","type-mp-event","status-publish","hentry","mp-event_category-thursday","mp-event-item"],"acf":[],"_links":{"self":[{"href":"https:\/\/festivalacko.sk\/archiv\/2024\/wp-json\/wp\/v2\/mp-event\/732","targetHints":{"allow":["GET"]}}],"collection":[{"href":"https:\/\/festivalacko.sk\/archiv\/2024\/wp-json\/wp\/v2\/mp-event"}],"about":[{"href":"https:\/\/festivalacko.sk\/archiv\/2024\/wp-json\/wp\/v2\/types\/mp-event"}],"author":[{"embeddable":true,"href":"https:\/\/festivalacko.sk\/archiv\/2024\/wp-json\/wp\/v2\/users\/1"}],"replies":[{"embeddable":true,"href":"https:\/\/festivalacko.sk\/archiv\/2024\/wp-json\/wp\/v2\/comments?post=732"}],"wp:attachment":[{"href":"https:\/\/festivalacko.sk\/archiv\/2024\/wp-json\/wp\/v2\/media?parent=732"}],"wp:term":[{"taxonomy":"mp-event_category","embeddable":true,"href":"https:\/\/festivalacko.sk\/archiv\/2024\/wp-json\/wp\/v2\/mp-event_category?post=732"},{"taxonomy":"mp-event_tag","embeddable":true,"href":"https:\/\/festivalacko.sk\/archiv\/2024\/wp-json\/wp\/v2\/mp-event_tag?post=732"}],"curies":[{"name":"wp","href":"https:\/\/api.w.org\/{rel}","templated":true}]}}

TAKÉ kontrasty &#8211; diskusia

<p>TAKÉ scény sú pôvodom také iné architektky &#8211; Dorota Volfová a Brigi Teplanová. Ako duo pracujú od roku 2020 na audiovizuálnych projektoch, v ktorých nachádzajú, odhaľujú a vytvárajú také-nejaké priestory.<br>V tejto diskusií vám/nám predstavia také kontrasty, ktorými prechádzajú počas tvorby, v princípe, v návrhoch, vo vrstvách, v komunikácií, v realizácií a aj medzi sebou.</p>

<p>TAKÉ scény sú pôvodom také iné architektky &#8211; Dorota Volfová a Brigi Teplanová. Ako duo pracujú od roku 2020 na audiovizuálnych projektoch, v ktorých nachádzajú, odhaľujú a vytvárajú také-nejaké priestory.V tejto diskusií vám/nám predstavia také kontrasty, ktorými prechádzajú počas tvorby, v princípe, v návrhoch, vo vrstvách, v komunikácií, v realizácií a aj medzi sebou.</p>
