{"id":739,"date":"2024-10-12T16:45:15","date_gmt":"2024-10-12T14:45:15","guid":{"rendered":"https:\/\/festivalacko.sk\/archiv\/2024\/?post_type=mp-event&#038;p=739"},"modified":"2024-10-16T21:51:07","modified_gmt":"2024-10-16T19:51:07","slug":"praca-filmoveho-centra","status":"publish","type":"mp-event","link":"https:\/\/festivalacko.sk\/archiv\/2024\/timetable\/event\/praca-filmoveho-centra\/","title":{"rendered":"Pr\u00e1ca filmov\u00e9ho centra &#8211; predn\u00e1\u0161ka"},"content":{"rendered":"\n<p>Pre\u010do je filmov\u00e9 centrum k\u013e\u00fa\u010dov\u00fdm hr\u00e1\u010dom pri rozvoji dom\u00e1cej kinematografie a ak\u00e9 pr\u00edle\u017eitosti otv\u00e1ra pre filmov\u00fdch tvorcov? Z\u00e1stupcovia Slovensk\u00e9ho filmov\u00e9ho \u00fastavu predstavia, ako pracuje filmov\u00e9 centrum a ak\u00e9 s\u00fa jeho \u00falohy pri propag\u00e1cii slovenskej audiov\u00edzie na medzin\u00e1rodnej \u00farovni. S\u00fa\u010das\u0165ou podujatia bude aj diskusia so \u0161tudentmi.<\/p>\n\n\n\n<p><\/p>\n","protected":false},"excerpt":{"rendered":"<p>Pre\u010do je filmov\u00e9 centrum k\u013e\u00fa\u010dov\u00fdm hr\u00e1\u010dom pri rozvoji dom\u00e1cej kinematografie a ak\u00e9 pr\u00edle\u017eitosti otv\u00e1ra pre filmov\u00fdch tvorcov? Z\u00e1stupcovia Slovensk\u00e9ho filmov\u00e9ho \u00fastavu predstavia, ako pracuje filmov\u00e9 centrum a ak\u00e9 s\u00fa jeho \u00falohy pri propag\u00e1cii slovenskej audiov\u00edzie na medzin\u00e1rodnej \u00farovni. S\u00fa\u010das\u0165ou podujatia bude aj diskusia so \u0161tudentmi.<\/p>\n","protected":false},"author":1,"featured_media":0,"menu_order":0,"comment_status":"open","ping_status":"closed","template":"","mp-event_category":[15],"mp-event_tag":[],"class_list":["post-739","mp-event","type-mp-event","status-publish","hentry","mp-event_category-friday","mp-event-item"],"acf":[],"_links":{"self":[{"href":"https:\/\/festivalacko.sk\/archiv\/2024\/wp-json\/wp\/v2\/mp-event\/739","targetHints":{"allow":["GET"]}}],"collection":[{"href":"https:\/\/festivalacko.sk\/archiv\/2024\/wp-json\/wp\/v2\/mp-event"}],"about":[{"href":"https:\/\/festivalacko.sk\/archiv\/2024\/wp-json\/wp\/v2\/types\/mp-event"}],"author":[{"embeddable":true,"href":"https:\/\/festivalacko.sk\/archiv\/2024\/wp-json\/wp\/v2\/users\/1"}],"replies":[{"embeddable":true,"href":"https:\/\/festivalacko.sk\/archiv\/2024\/wp-json\/wp\/v2\/comments?post=739"}],"wp:attachment":[{"href":"https:\/\/festivalacko.sk\/archiv\/2024\/wp-json\/wp\/v2\/media?parent=739"}],"wp:term":[{"taxonomy":"mp-event_category","embeddable":true,"href":"https:\/\/festivalacko.sk\/archiv\/2024\/wp-json\/wp\/v2\/mp-event_category?post=739"},{"taxonomy":"mp-event_tag","embeddable":true,"href":"https:\/\/festivalacko.sk\/archiv\/2024\/wp-json\/wp\/v2\/mp-event_tag?post=739"}],"curies":[{"name":"wp","href":"https:\/\/api.w.org\/{rel}","templated":true}]}}

Práca filmového centra &#8211; prednáška

<p>Prečo je filmové centrum kľúčovým hráčom pri rozvoji domácej kinematografie a aké príležitosti otvára pre filmových tvorcov? Zástupcovia Slovenského filmového ústavu predstavia, ako pracuje filmové centrum a aké sú jeho úlohy pri propagácii slovenskej audiovízie na medzinárodnej úrovni. Súčasťou podujatia bude aj diskusia so študentmi.</p>



<p></p>

<p>Prečo je filmové centrum kľúčovým hráčom pri rozvoji domácej kinematografie a aké príležitosti otvára pre filmových tvorcov? Zástupcovia Slovenského filmového ústavu predstavia, ako pracuje filmové centrum a aké sú jeho úlohy pri propagácii slovenskej audiovízie na medzinárodnej úrovni. Súčasťou podujatia bude aj diskusia so študentmi.</p>
