{"id":744,"date":"2024-10-12T16:50:18","date_gmt":"2024-10-12T14:50:18","guid":{"rendered":"https:\/\/festivalacko.sk\/archiv\/2024\/?post_type=mp-event&#038;p=744"},"modified":"2024-10-16T21:41:19","modified_gmt":"2024-10-16T19:41:19","slug":"sok","status":"publish","type":"mp-event","link":"https:\/\/festivalacko.sk\/archiv\/2024\/timetable\/event\/sok\/","title":{"rendered":"\u0160OK! What&#8217;s happening? &#8211; diskusia"},"content":{"rendered":"\n<p>V chaose dne\u0161n\u00fdch dn\u00ed je n\u00e1ro\u010dn\u00e9 sledova\u0165 kult\u00farnu situ\u00e1ciu, a preto sa po\u010das diskusie &#8222;What&#8217;s happening?!&#8220; pok\u00fasime odpoveda\u0165 na ot\u00e1zky t\u00fdkaj\u00face sa nielen kult\u00farneho diania na Slovensku, ale aj kreat\u00edvnych foriem protestu. \u010co je to umeleck\u00fd happening a ako m\u00f4\u017ee prispie\u0165 k rozvoju spolo\u010dnosti a podpore slobody prejavu? Diskusia sa dotkne aj konkr\u00e9tnych pr\u00edkladov zo s\u00fa\u010dasnej spolo\u010dnosti, ktor\u00e9 ukazuj\u00fa, ako sa umenie st\u00e1va n\u00e1strojom zmeny. Platforma <em>\u0160tudentstvo za Otvoren\u00fa Kult\u00faru! <\/em>pl\u00e1nuje vytvori\u0165 sie\u0165 happeningov, ktor\u00e9 bud\u00fa podporova\u0165 \u0161trajkov\u00fa atmosf\u00e9ru a slobodu prejavu.&nbsp;<\/p>\n\n\n\n<p>Pridajte sa k n\u00e1m a dozviete sa, ako sa m\u00f4\u017eeme ako \u0161tudentstvo zapoji\u0165 do happeningov, vytvori\u0165 medziuniverzitn\u00e9 a interdisciplin\u00e1rne t\u00edmy, ktor\u00e9 bud\u00fa pracova\u0165 na spolo\u010dnej v\u00edzii slobody a kult\u00farnej otvorenosti.<\/p>\n","protected":false},"excerpt":{"rendered":"<p>V chaose dne\u0161n\u00fdch dn\u00ed je n\u00e1ro\u010dn\u00e9 sledova\u0165 kult\u00farnu situ\u00e1ciu, a preto sa po\u010das diskusie &#8222;What&#8217;s happening?!&#8220; pok\u00fasime odpoveda\u0165 na ot\u00e1zky t\u00fdkaj\u00face sa nielen kult\u00farneho diania na Slovensku, ale aj kreat\u00edvnych foriem protestu. \u010co je to umeleck\u00fd happening a ako m\u00f4\u017ee prispie\u0165 k rozvoju spolo\u010dnosti a podpore slobody prejavu? Diskusia sa dotkne aj konkr\u00e9tnych pr\u00edkladov zo [&hellip;]<\/p>\n","protected":false},"author":1,"featured_media":0,"menu_order":0,"comment_status":"open","ping_status":"closed","template":"","mp-event_category":[15],"mp-event_tag":[],"class_list":["post-744","mp-event","type-mp-event","status-publish","hentry","mp-event_category-friday","mp-event-item"],"acf":[],"_links":{"self":[{"href":"https:\/\/festivalacko.sk\/archiv\/2024\/wp-json\/wp\/v2\/mp-event\/744","targetHints":{"allow":["GET"]}}],"collection":[{"href":"https:\/\/festivalacko.sk\/archiv\/2024\/wp-json\/wp\/v2\/mp-event"}],"about":[{"href":"https:\/\/festivalacko.sk\/archiv\/2024\/wp-json\/wp\/v2\/types\/mp-event"}],"author":[{"embeddable":true,"href":"https:\/\/festivalacko.sk\/archiv\/2024\/wp-json\/wp\/v2\/users\/1"}],"replies":[{"embeddable":true,"href":"https:\/\/festivalacko.sk\/archiv\/2024\/wp-json\/wp\/v2\/comments?post=744"}],"wp:attachment":[{"href":"https:\/\/festivalacko.sk\/archiv\/2024\/wp-json\/wp\/v2\/media?parent=744"}],"wp:term":[{"taxonomy":"mp-event_category","embeddable":true,"href":"https:\/\/festivalacko.sk\/archiv\/2024\/wp-json\/wp\/v2\/mp-event_category?post=744"},{"taxonomy":"mp-event_tag","embeddable":true,"href":"https:\/\/festivalacko.sk\/archiv\/2024\/wp-json\/wp\/v2\/mp-event_tag?post=744"}],"curies":[{"name":"wp","href":"https:\/\/api.w.org\/{rel}","templated":true}]}}

ŠOK! What&#8217;s happening? &#8211; diskusia

<p>V chaose dnešných dní je náročné sledovať kultúrnu situáciu, a preto sa počas diskusie &#8222;What&#8217;s happening?!&#8220; pokúsime odpovedať na otázky týkajúce sa nielen kultúrneho diania na Slovensku, ale aj kreatívnych foriem protestu. Čo je to umelecký happening a ako môže prispieť k rozvoju spoločnosti a podpore slobody prejavu? Diskusia sa dotkne aj konkrétnych príkladov zo súčasnej spoločnosti, ktoré ukazujú, ako sa umenie stáva nástrojom zmeny. Platforma <em>Študentstvo za Otvorenú Kultúru! </em>plánuje vytvoriť sieť happeningov, ktoré budú podporovať štrajkovú atmosféru a slobodu prejavu.&nbsp;</p>



<p>Pridajte sa k nám a dozviete sa, ako sa môžeme ako študentstvo zapojiť do happeningov, vytvoriť medziuniverzitné a interdisciplinárne tímy, ktoré budú pracovať na spoločnej vízii slobody a kultúrnej otvorenosti.</p>

<p>V chaose dnešných dní je náročné sledovať kultúrnu situáciu, a preto sa počas diskusie &#8222;What&#8217;s happening?!&#8220; pokúsime odpovedať na otázky týkajúce sa nielen kultúrneho diania na Slovensku, ale aj kreatívnych foriem protestu. Čo je to umelecký happening a ako môže prispieť k rozvoju spoločnosti a podpore slobody prejavu? Diskusia sa dotkne aj konkrétnych príkladov zo [&hellip;]</p>
