{"id":777,"date":"2024-10-15T21:57:40","date_gmt":"2024-10-15T19:57:40","guid":{"rendered":"https:\/\/festivalacko.sk\/archiv\/2024\/?post_type=mp-event&#038;p=777"},"modified":"2024-10-16T19:15:32","modified_gmt":"2024-10-16T17:15:32","slug":"spomienka-na-ivana-kocnera","status":"publish","type":"mp-event","link":"https:\/\/festivalacko.sk\/archiv\/2024\/timetable\/event\/spomienka-na-ivana-kocnera\/","title":{"rendered":"Spomienka na Ivana Ko\u010dnera"},"content":{"rendered":"\n<p>Pripome\u0148me si tvorbu Ivana Ko\u010dnera, v\u00fdznamn\u00e9ho dokumentaristu a b\u00fdval\u00e9ho \u0161tudenta na\u0161ej \u0161koly, ktor\u00fd bol z\u00e1rove\u0148 spolu\u017eiakom viacer\u00fdch na\u0161ich pedag\u00f3gov. Prostredn\u00edctvom v\u00fdberu jeho filmov vzd\u00e1me hold jeho jedine\u010dn\u00e9mu poh\u013eadu na svet a jeho pr\u00ednosu k slovensk\u00e9mu dokumentu.&nbsp;<\/p>\n\n\n\n<p><em>Pred nami potopa<\/em> &#8211; Portr\u00e9t ded\u00edn a jej obyvate\u013eov pred zatopen\u00edm vodn\u00fdm dielom \u017dilina<br>30 min.<\/p>\n\n\n\n<p><em>Nebo peklo raj, prv\u00fd diel<\/em> &#8211; Film o obyvate\u013eoch na laze v Hri\u0148ovej.<br>Prv\u00fd diel. 26 min.<\/p>\n\n\n\n<p><em>M\u00f4j brat manager<\/em> &#8211; Portr\u00e9t podnikate\u013ea Mari\u00e1na Ko\u010dnera v obdob\u00ed za\u010d\u00ednaj\u00faceho slovensk\u00e9ho kapitalizmu.<br>20 min.<\/p>\n","protected":false},"excerpt":{"rendered":"<p>Pripome\u0148me si tvorbu Ivana Ko\u010dnera, v\u00fdznamn\u00e9ho dokumentaristu a b\u00fdval\u00e9ho \u0161tudenta na\u0161ej \u0161koly, ktor\u00fd bol z\u00e1rove\u0148 spolu\u017eiakom viacer\u00fdch na\u0161ich pedag\u00f3gov. Prostredn\u00edctvom v\u00fdberu jeho filmov vzd\u00e1me hold jeho jedine\u010dn\u00e9mu poh\u013eadu na svet a jeho pr\u00ednosu k slovensk\u00e9mu dokumentu.&nbsp; Pred nami potopa &#8211; Portr\u00e9t ded\u00edn a jej obyvate\u013eov pred zatopen\u00edm vodn\u00fdm dielom \u017dilina30 min. Nebo peklo raj, prv\u00fd [&hellip;]<\/p>\n","protected":false},"author":1,"featured_media":0,"menu_order":0,"comment_status":"open","ping_status":"closed","template":"","mp-event_category":[14],"mp-event_tag":[],"class_list":["post-777","mp-event","type-mp-event","status-publish","hentry","mp-event_category-thursday","mp-event-item"],"acf":[],"_links":{"self":[{"href":"https:\/\/festivalacko.sk\/archiv\/2024\/wp-json\/wp\/v2\/mp-event\/777","targetHints":{"allow":["GET"]}}],"collection":[{"href":"https:\/\/festivalacko.sk\/archiv\/2024\/wp-json\/wp\/v2\/mp-event"}],"about":[{"href":"https:\/\/festivalacko.sk\/archiv\/2024\/wp-json\/wp\/v2\/types\/mp-event"}],"author":[{"embeddable":true,"href":"https:\/\/festivalacko.sk\/archiv\/2024\/wp-json\/wp\/v2\/users\/1"}],"replies":[{"embeddable":true,"href":"https:\/\/festivalacko.sk\/archiv\/2024\/wp-json\/wp\/v2\/comments?post=777"}],"wp:attachment":[{"href":"https:\/\/festivalacko.sk\/archiv\/2024\/wp-json\/wp\/v2\/media?parent=777"}],"wp:term":[{"taxonomy":"mp-event_category","embeddable":true,"href":"https:\/\/festivalacko.sk\/archiv\/2024\/wp-json\/wp\/v2\/mp-event_category?post=777"},{"taxonomy":"mp-event_tag","embeddable":true,"href":"https:\/\/festivalacko.sk\/archiv\/2024\/wp-json\/wp\/v2\/mp-event_tag?post=777"}],"curies":[{"name":"wp","href":"https:\/\/api.w.org\/{rel}","templated":true}]}}

Spomienka na Ivana Kočnera

<p>Pripomeňme si tvorbu Ivana Kočnera, významného dokumentaristu a bývalého študenta našej školy, ktorý bol zároveň spolužiakom viacerých našich pedagógov. Prostredníctvom výberu jeho filmov vzdáme hold jeho jedinečnému pohľadu na svet a jeho prínosu k slovenskému dokumentu.&nbsp;</p>



<p><em>Pred nami potopa</em> &#8211; Portrét dedín a jej obyvateľov pred zatopením vodným dielom Žilina<br>30 min.</p>



<p><em>Nebo peklo raj, prvý diel</em> &#8211; Film o obyvateľoch na laze v Hriňovej.<br>Prvý diel. 26 min.</p>



<p><em>Môj brat manager</em> &#8211; Portrét podnikateľa Mariána Kočnera v období začínajúceho slovenského kapitalizmu.<br>20 min.</p>

<p>Pripomeňme si tvorbu Ivana Kočnera, významného dokumentaristu a bývalého študenta našej školy, ktorý bol zároveň spolužiakom viacerých našich pedagógov. Prostredníctvom výberu jeho filmov vzdáme hold jeho jedinečnému pohľadu na svet a jeho prínosu k slovenskému dokumentu.&nbsp; Pred nami potopa &#8211; Portrét dedín a jej obyvateľov pred zatopením vodným dielom Žilina30 min. Nebo peklo raj, prvý [&hellip;]</p>
