{"id":869,"date":"2024-10-20T21:47:06","date_gmt":"2024-10-20T19:47:06","guid":{"rendered":"https:\/\/festivalacko.sk\/archiv\/2024\/?post_type=mp-event&#038;p=869"},"modified":"2024-10-25T10:56:30","modified_gmt":"2024-10-25T08:56:30","slug":"spomienka-na-segera","status":"publish","type":"mp-event","link":"https:\/\/festivalacko.sk\/archiv\/2024\/timetable\/event\/spomienka-na-segera\/","title":{"rendered":"Spomienka na Segera"},"content":{"rendered":"\n<p>Spomienka na Mateja \u201cSegera\u201d Sekerku, talentovan\u00e9ho scen\u00e1ristu, ilustr\u00e1tora, hudobn\u00edka, copywritera a tvorcu meme\u010diek, no najm\u00e4 skvel\u00e9ho kamar\u00e1ta, ktor\u00fd FTF V\u0160MU (a okolit\u00fdm putik\u00e1m) zasv\u00e4til roky 2012-2017.<\/p>\n\n\n\n<p>Nechcem, nebudem (2016)<br>Tragikomick\u00fd v\u00fdsek zo \u017eivota skrachovan\u00fdch obstaro\u017en\u00fdch muzikantov, ktor\u00ed nie s\u00fa schopn\u00ed prekro\u010di\u0165 svoj vlastn\u00fd tie\u0148.<br>scen\u00e1r a r\u00e9\u017eia: Matej Sekerka<\/p>\n","protected":false},"excerpt":{"rendered":"<p>Spomienka na Mateja \u201cSegera\u201d Sekerku, talentovan\u00e9ho scen\u00e1ristu, ilustr\u00e1tora, hudobn\u00edka, copywritera a tvorcu meme\u010diek, no najm\u00e4 skvel\u00e9ho kamar\u00e1ta, ktor\u00fd FTF V\u0160MU (a okolit\u00fdm putik\u00e1m) zasv\u00e4til roky 2012-2017. Nechcem, nebudem (2016)Tragikomick\u00fd v\u00fdsek zo \u017eivota skrachovan\u00fdch obstaro\u017en\u00fdch muzikantov, ktor\u00ed nie s\u00fa schopn\u00ed prekro\u010di\u0165 svoj vlastn\u00fd tie\u0148.scen\u00e1r a r\u00e9\u017eia: Matej Sekerka<\/p>\n","protected":false},"author":2,"featured_media":0,"menu_order":0,"comment_status":"open","ping_status":"closed","template":"","mp-event_category":[15],"mp-event_tag":[],"class_list":["post-869","mp-event","type-mp-event","status-publish","hentry","mp-event_category-friday","mp-event-item"],"acf":[],"_links":{"self":[{"href":"https:\/\/festivalacko.sk\/archiv\/2024\/wp-json\/wp\/v2\/mp-event\/869","targetHints":{"allow":["GET"]}}],"collection":[{"href":"https:\/\/festivalacko.sk\/archiv\/2024\/wp-json\/wp\/v2\/mp-event"}],"about":[{"href":"https:\/\/festivalacko.sk\/archiv\/2024\/wp-json\/wp\/v2\/types\/mp-event"}],"author":[{"embeddable":true,"href":"https:\/\/festivalacko.sk\/archiv\/2024\/wp-json\/wp\/v2\/users\/2"}],"replies":[{"embeddable":true,"href":"https:\/\/festivalacko.sk\/archiv\/2024\/wp-json\/wp\/v2\/comments?post=869"}],"wp:attachment":[{"href":"https:\/\/festivalacko.sk\/archiv\/2024\/wp-json\/wp\/v2\/media?parent=869"}],"wp:term":[{"taxonomy":"mp-event_category","embeddable":true,"href":"https:\/\/festivalacko.sk\/archiv\/2024\/wp-json\/wp\/v2\/mp-event_category?post=869"},{"taxonomy":"mp-event_tag","embeddable":true,"href":"https:\/\/festivalacko.sk\/archiv\/2024\/wp-json\/wp\/v2\/mp-event_tag?post=869"}],"curies":[{"name":"wp","href":"https:\/\/api.w.org\/{rel}","templated":true}]}}

<p>Spomienka na Mateja “Segera” Sekerku, talentovaného scenáristu, ilustrátora, hudobníka, copywritera a tvorcu memečiek, no najmä skvelého kamaráta, ktorý FTF VŠMU (a okolitým putikám) zasvätil roky 2012-2017.</p>



<p>Nechcem, nebudem (2016)<br>Tragikomický výsek zo života skrachovaných obstarožných muzikantov, ktorí nie sú schopní prekročiť svoj vlastný tieň.<br>scenár a réžia: Matej Sekerka</p>

<p>Spomienka na Mateja “Segera” Sekerku, talentovaného scenáristu, ilustrátora, hudobníka, copywritera a tvorcu memečiek, no najmä skvelého kamaráta, ktorý FTF VŠMU (a okolitým putikám) zasvätil roky 2012-2017. Nechcem, nebudem (2016)Tragikomický výsek zo života skrachovaných obstarožných muzikantov, ktorí nie sú schopní prekročiť svoj vlastný tieň.scenár a réžia: Matej Sekerka</p>
